{"id":13641,"date":"2016-12-20T13:30:55","date_gmt":"2016-12-20T16:30:55","guid":{"rendered":"http:\/\/creapb.org.br\/?page_id=13641"},"modified":"2021-09-09T09:49:24","modified_gmt":"2021-09-09T12:49:24","slug":"registro","status":"publish","type":"page","link":"https:\/\/creapb.org.br\/site\/registro\/","title":{"rendered":"Registro"},"content":{"rendered":"<ul class=\"nav nav-tabs\">\n<li class=\"active\"><a href=\"#pf\" data-toggle=\"tab\"><i class=\"fa fa-user\"><\/i> PESSOA F\u00cdSICA<\/a><\/li>\n<li><a href=\"#pj\" data-toggle=\"tab\"><i class=\"fa fa-building\"><\/i> PESSOA JUR\u00cdDICA<\/a><\/li>\n<\/ul>\n<div class=\"tab-content\">\n<div id=\"pf\" class=\"tab-pane fade in active\"><strong>Registro Profissional:<\/strong><br \/>\n<a class=\"btn btn-success\" href=\"https:\/\/crea-pb.sitac.com.br\/publico\/\" target=\"_blank\" rel=\"noopener\">CLIQUE AQUI PARA SOLICITAR SEU CADASTRO<\/a><\/div>\n<div class=\"tab-pane fade in active\"><\/div>\n<div class=\"tab-pane fade in active\">\n<p><strong>Documenta\u00e7\u00e3o Digitalizada:<\/strong><\/p>\n<ul class=\"lista-base\">\n<li>Requerimento padr\u00e3o preenchido e assinado (Dispon\u00edvel em\u00a0<span style=\"color: #0000ff;\"><em><a style=\"color: #0000ff;\" href=\"https:\/\/creapb.org.br\/site\/formularios\/\">Formul\u00e1rios<\/a><\/em><\/span>);<\/li>\n<li>Diploma ou Certificado de Conclus\u00e3o (com data m\u00e1xima de 90 dias), registrado pelo \u00f3rg\u00e3o competente do Sistema de Ensino;<\/li>\n<li>Hist\u00f3rico Escolar com indica\u00e7\u00e3o das disciplinas\/cargas hor\u00e1rias cursadas, carimbado e assinado pelo coordenador do curso;<\/li>\n<li>Carteira de identidade ou c\u00e9dula de identidade de estrangeiro com indica\u00e7\u00e3o de perman\u00eancia no Pa\u00eds, expedida na forma da lei;<\/li>\n<li>Prova de quita\u00e7\u00e3o com o servi\u00e7o militar, quando homem e brasileiro;<\/li>\n<li>T\u00edtulo Eleitoral e Comprovante de Quita\u00e7\u00e3o com a Justi\u00e7a Eleitoral, quando brasileiro;<\/li>\n<li>CPF;<\/li>\n<li>Comprovante de resid\u00eancia;<\/li>\n<li>Duas fotografias, de frente, nas dimens\u00f5es 3x4cm, em cores e recente, a serem apresentadas no ato da entrega da carteira;<\/li>\n<li>Pagamento das taxas respectivas*<\/li>\n<li><b>Obs.1:\u00a0<\/b>Para o profissional de n\u00edvel m\u00e9dio que ainda n\u00e3o tenha obtido o diploma, dever\u00e1 apresentar al\u00e9m do certificado, declara\u00e7\u00e3o de que j\u00e1 cumpriu o est\u00e1gio supervisionado e que o diploma encontra-se em tramita\u00e7\u00e3o.<\/li>\n<li><strong>Obs.2:<\/strong> O profissional que desejar incluir na Carteira de Identidade Profissional as informa\u00e7\u00f5es referentes ao tipo sangu\u00edneo e ao fator RH deve instruir o requerimento de registro com exame laboratorial espec\u00edfico.<\/li>\n<li><strong><strong>Obs.3:\u00a0<\/strong><\/strong>Para os profissionais de n\u00edvel m\u00e9dio com t\u00edtulo de T\u00e9cnico em Seguran\u00e7a do Trabalho, devera ser anexado documento que comprove registro no Minist\u00e9rio do Trabalho, conforme Lei 7.410\/85.<\/li>\n<li><strong><strong>Obs.4:\u00a0<\/strong><\/strong>No caso de registro de estrangeiro, consultar a Resolu\u00e7\u00e3o 1.007\/2003 do CONFEA.<\/li>\n<li>* O pagamento das taxas s\u00f3 ser\u00e1 exigido ap\u00f3s an\u00e1lise da documenta\u00e7\u00e3o enviada.<\/li>\n<\/ul>\n<p><strong>Visto de Profissional:<\/strong><\/p>\n<ul class=\"lista-base\">\n<li>Requerimento padr\u00e3o preenchido e assinado ( Dispon\u00edvel em <span style=\"color: #0000ff;\"><em><a style=\"color: #0000ff;\" href=\"https:\/\/creapb.org.br\/site\/formularios\/\">Formul\u00e1rios<\/a><\/em><\/span>);<\/li>\n<li>Certid\u00e3o de registro e quita\u00e7\u00e3o emitida pelo CREA de origem;<\/li>\n<li>Carteira do Crea;<\/li>\n<li>Comprovante de pagamento da anuidade;<\/li>\n<li>Comprovante de endere\u00e7o na Jurisdi\u00e7\u00e3o do CREA\/PB \/ Declara\u00e7\u00e3o de Endere\u00e7o (Dispon\u00edvel em <span style=\"color: #0000ff;\"><em><a style=\"color: #0000ff;\" href=\"https:\/\/creapb.org.br\/site\/formularios\/\">Formul\u00e1rios<\/a><\/em><\/span>)<\/li>\n<\/ul>\n<p><strong>Prorroga\u00e7\u00e3o de Registro\u00a0Provis\u00f3rio:<\/strong><\/p>\n<ul class=\"lista-base\">\n<li>Requerimento preenchido e assinado (Dispon\u00edvel em<span style=\"color: #0000ff;\"> <em><a style=\"color: #0000ff;\" href=\"https:\/\/creapb.org.br\/site\/formularios\/\">Formul\u00e1rios<\/a><\/em><\/span>);<\/li>\n<li><strong>Declara\u00e7\u00e3o da Institui\u00e7\u00e3o de que o diploma est\u00e1 em tramita\u00e7\u00e3o, com data m\u00e1xima de 30 dias da entrada do requerimento.<\/strong><\/li>\n<\/ul>\n<p><strong>Solicita\u00e7\u00e3o de 2\u00aa Via da Carteira Profissional:<\/strong><\/p>\n<ul class=\"lista-base\">\n<li>Requerimento padr\u00e3o preenchido e assinado (Dispon\u00edvel em <span style=\"color: #0000ff;\"><em><a style=\"color: #0000ff;\" href=\"https:\/\/creapb.org.br\/site\/formularios\/\">Formul\u00e1rios<\/a><\/em><\/span>);<\/li>\n<li>Boletim de ocorr\u00eancia, se for o caso, ou declara\u00e7\u00e3o de perda\/extravio;<\/li>\n<li>Certid\u00e3o de Registro ou Certid\u00e3o de Casamento ou Averba\u00e7\u00e3o de Div\u00f3rcio;<\/li>\n<li>Pagamento da taxa respectiva.<\/li>\n<li><b>Obs.1:\u00a0<\/b>Para os casos validade expirada: Requerimento preenchido e assinado pelo profissional (Dispon\u00edvel em <span style=\"color: #0000ff;\"><em><a style=\"color: #0000ff;\" href=\"https:\/\/creapb.org.br\/site\/formularios\/\">Formul\u00e1rios<\/a><\/em><\/span>) e c\u00f3pia da carteira vencida<\/li>\n<\/ul>\n<p><strong>Anota\u00e7\u00e3o de Cursos e T\u00edtulos<\/strong><\/p>\n<ul class=\"lista-base\">\n<li>Requerimento padr\u00e3o preenchido e assinado\u00a0 (Dispon\u00edvel em <span style=\"color: #0000ff;\"><em><a style=\"color: #0000ff;\" href=\"https:\/\/creapb.org.br\/site\/formularios\/\">Formul\u00e1rios<\/a><\/em><\/span>);<\/li>\n<li>Original do diploma ou do certificado (com data m\u00e1xima de 90 dias), registrado pelo \u00f3rg\u00e3o competente do Sistema de Ensino;<\/li>\n<li>Hist\u00f3rico escolar com a indica\u00e7\u00e3o das cargas hor\u00e1rias das disciplinas cursadas, carimbado e assinado pelo coordenador do curso;<\/li>\n<\/ul>\n<p><strong>Exclus\u00e3o de Responsabilidade T\u00e9cnica<\/strong><\/p>\n<ul class=\"lista-base\">\n<li>Requerimento padr\u00e3o preenchido e assinado\u00a0 (Dispon\u00edvel em <span style=\"color: #0000ff;\"><em><a style=\"color: #0000ff;\" href=\"https:\/\/creapb.org.br\/site\/formularios\/\">Formul\u00e1rios<\/a><\/em><\/span>);<\/li>\n<\/ul>\n<p><strong>An\u00e1lise\/Revis\u00e3o de Atribui\u00e7\u00e3o<\/strong><\/p>\n<ul>\n<li>Requerimento padr\u00e3o preenchido e assinado\u00a0 (Dispon\u00edvel em <span style=\"color: #0000ff;\"><em><a style=\"color: #0000ff;\" href=\"https:\/\/creapb.org.br\/site\/formularios\/\">Formul\u00e1rios<\/a><\/em><\/span>);<\/li>\n<li>Original do diploma ou do certificado, registrado pelo \u00f3rg\u00e3o competente do Sistema de Ensino;<\/li>\n<li>Hist\u00f3rico escolar com a indica\u00e7\u00e3o das disciplinas\/cargas hor\u00e1rias, carimbado e assinado pelo coordenador do curso;<\/li>\n<li>Ementas das disciplinas cursadas \u00e0 \u00e9poca.<\/li>\n<\/ul>\n<p><strong>Interrup\u00e7\u00e3o de Registro Profissional:<\/strong><\/p>\n<p>A interrup\u00e7\u00e3o do registro \u00e9 facultada ao profissional que, temporariamente, n\u00e3o pretende exercer a profiss\u00e3o e que atenda \u00e0s seguintes condi\u00e7\u00f5es:<\/p>\n<p>I &#8211; esteja em dia com as obriga\u00e7\u00f5es perante o CREA, inclusive aquelas referentes ao ano do requerimento;<\/p>\n<p>II &#8211; n\u00e3o ocupe cargo ou emprego para o qual seja exigida forma\u00e7\u00e3o profissional abrangida pelo sistema CONFEA\/CREA ou para cujo concurso ou processo seletivo tenha sido exigido t\u00edtulo profissional;<\/p>\n<p>III &#8211; n\u00e3o conste como autuado em processo por infra\u00e7\u00e3o, em tramita\u00e7\u00e3o no CREA ou no CONFEA, aos dispositivos do C\u00f3digo de \u00c9tica e Disciplina ou da Lei n\u00b0 5.194\/66.<\/p>\n<p>Documentos necess\u00e1rios:<\/p>\n<ul class=\"lista-base\">\n<li>Requerimento padr\u00e3o preenchido e assinado\u00a0 (Dispon\u00edvel em<span style=\"color: #0000ff;\"> <em><a style=\"color: #0000ff;\" href=\"https:\/\/creapb.org.br\/site\/formularios\/\">Formul\u00e1rios<\/a><\/em><\/span>);<\/li>\n<li>Estar quite com a anuidade do presente exerc\u00edcio;<\/li>\n<li>N\u00e3o possuir ART\u2019s em aberto;<\/li>\n<li>N\u00e3o ser Respons\u00e1vel T\u00e9cnico por empresa;<\/li>\n<li>Comprovar, que n\u00e3o est\u00e1 exercendo nenhuma atividade na \u00e1rea de sua forma\u00e7\u00e3o ou firmar declara\u00e7\u00e3o (sob as penas da Lei);<\/li>\n<li>Devolver a carteira de identidade profissional.<\/li>\n<\/ul>\n<\/div>\n<div id=\"pj\" class=\"tab-pane fade\">\n<p><strong>Registro Definitivo: <\/strong><\/p>\n<p><a class=\"btn btn-success\" href=\"https:\/\/crea-pb.sitac.com.br\/publico\/\" target=\"_blank\" rel=\"noopener\">CLIQUE AQUI PARA SOLICITAR SEU CADASTRO<\/a><\/p>\n<p>&nbsp;<\/p>\n<ul>\n<li>Requerimento preenchido e assinado pelo representante legal (modelo dispon\u00edvel em <span style=\"color: #0000ff;\"><em><a style=\"color: #0000ff;\" href=\"https:\/\/creapb.org.br\/site\/formularios\/\">Formul\u00e1rios<\/a><\/em><\/span>)<\/li>\n<li>Instrumento de constitui\u00e7\u00e3o da pessoa jur\u00eddica, registrado em \u00f3rg\u00e3o competente, e suas altera\u00e7\u00f5es subsequentes at\u00e9 a data da solicita\u00e7\u00e3o do registro no Crea, podendo estas serem substitu\u00eddas por instrumento consolidado atualizado;<\/li>\n<li>N\u00famero do Cadastro Nacional de Pessoa Jur\u00eddica &#8211; CNPJ;<\/li>\n<li>Indica\u00e7\u00e3o de pelo menos um respons\u00e1vel t\u00e9cnico pela pessoa jur\u00eddica;<\/li>\n<li>N\u00famero da Anota\u00e7\u00e3o de Responsabilidade T\u00e9cnica &#8211; ART de cargo ou fun\u00e7\u00e3o, j\u00e1 registrada (e validada), para cada um dos profissionais referido no inciso III deste par\u00e1grafo.<\/li>\n<li>Pagamento das taxas respectivas<\/li>\n<\/ul>\n<p><strong>Obs<\/strong>.: No caso de pessoa jur\u00eddica estrangeira, apresentar: C\u00f3pia do ato do Poder Executivo federal autorizando o funcionamento no territ\u00f3rio nacional e Comprova\u00e7\u00e3o do arquivamento e da averba\u00e7\u00e3o do instrumento de nomea\u00e7\u00e3o do representante da pessoa jur\u00eddica no Brasil. Os documentos em l\u00edngua estrangeira devem ser: I &#8211; legalizados pela autoridade consular brasileira, salvo os casos contemplados pelo Decreto n\u00ba 8.660, de 29 de janeiro de 2016; e II traduzidos para o vern\u00e1culo por tradutor p\u00fablico juramentado<\/p>\n<p><strong>VISTO PESSOA JUR\u00cdDICA<\/strong><\/p>\n<ul>\n<li>Requerimento preenchido e assinado pelo representante legal<\/li>\n<li>Certid\u00e3o de registro e quita\u00e7\u00e3o atualizada, expedida pelo Crea aonde a firma tem a Matriz;<\/li>\n<li>Comprovar que possui em seu quadro t\u00e9cnico profissionais com registro ou visto no Crea da circunscri\u00e7\u00e3o onde for requerido o visto para executar nessa circunscri\u00e7\u00e3o as atividades prescritas em seu objetivo social;<\/li>\n<li>Instrumento de constitui\u00e7\u00e3o da pessoa jur\u00eddica, registrado em \u00f3rg\u00e3o competente, e suas altera\u00e7\u00f5es subsequentes at\u00e9 a data da solicita\u00e7\u00e3o do registro no Crea, podendo estas serem substitu\u00eddas por instrumento consolidado atualizado;<\/li>\n<li>ART do Cargo de Respons\u00e1vel T\u00e9cnico, apenas para profissionais que n\u00e3o conste o nome na certid\u00e3o acima mencionada;<\/li>\n<li>Contrato referente \u00e0 obra\/servi\u00e7os a ser executado no Estado da Para\u00edba<\/li>\n<li>Pagamento da taxa respectiva<\/li>\n<\/ul>\n<p><strong>OBS<\/strong>.: O visto ser\u00e1 concedido apenas no caso em que atividade n\u00e3o exceda 180 (cento e oitenta) dias.<\/p>\n<p><strong>INCLUS\u00c3O DE RESPONS\u00c1VEL T\u00c9CNICO:<\/strong><\/p>\n<ul>\n<li>Requerimento preenchido e assinado pelo representante legal (modelo dispon\u00edvel em <span style=\"color: #0000ff;\"><em><a style=\"color: #0000ff;\" href=\"https:\/\/creapb.org.br\/site\/formularios\/\">Formul\u00e1rios<\/a><\/em><\/span>);<\/li>\n<li>\u00daltimo aditivo\/altera\u00e7\u00e3o contratual, registrado em \u00f3rg\u00e3o competente;<\/li>\n<li>Indica\u00e7\u00e3o do respons\u00e1vel t\u00e9cnico a ser inclu\u00eddo na empresa;<\/li>\n<li>N\u00famero da Anota\u00e7\u00e3o de Responsabilidade T\u00e9cnica &#8211; ART de cargo ou fun\u00e7\u00e3o, j\u00e1 registrada (e validada);<\/li>\n<\/ul>\n<p><strong>OBS<\/strong>.: Quando o profissional indicado for registrado em outro Estado, anexar Certid\u00e3o de Registro e Quita\u00e7\u00e3o do CREA de origem, constando a rela\u00e7\u00e3o da(s) firma(s) pela(s) qual(is) responde junto aquele CREA ou firmar declara\u00e7\u00e3o contendo essas informa\u00e7\u00f5es;<\/p>\n<p><strong>ALTERA\u00c7\u00c3O DE CAPITAL SOCIAL\/ ALTERA\u00c7\u00c3O DE S\u00d3CIO \/ ALTERA\u00c7\u00c3O DE ENDERE\u00c7O \/ ALTERA\u00c7\u00c3O DE RAZ\u00c3O SOCIAL \/ ALTERA\u00c7\u00c3O DE OBJETO SOCIAL<\/strong><\/p>\n<ul>\n<li><strong>\u00a0<\/strong>Requerimento preenchido e assinado pelo representante legal (modelo dispon\u00edvel em <span style=\"color: #0000ff;\"><em><a style=\"color: #0000ff;\" href=\"https:\/\/creapb.org.br\/site\/formularios\/\">Formul\u00e1rios<\/a><\/em><\/span>)<\/li>\n<li>Aditivo\/altera\u00e7\u00e3o contratual, devidamente registrado em \u00f3rg\u00e3o competente<\/li>\n<\/ul>\n<p><strong>EXCLUS\u00c3O DE RESPONS\u00c1VEL T\u00c9CNICO:<\/strong><strong>\u00a0<\/strong><\/p>\n<ul>\n<li>Requerimento preenchido e assinado pelo representante legal (modelo dispon\u00edvel em <span style=\"color: #0000ff;\"><em><a style=\"color: #0000ff;\" href=\"https:\/\/creapb.org.br\/site\/formularios\/\">Formul\u00e1rios<\/a><\/em><\/span>)<\/li>\n<\/ul>\n<p><strong>INTERRUP\u00c7\u00c3O DE REGISTRO<\/strong><\/p>\n<ul>\n<li>Requerimento preenchido e assinado pelo representante legal (modelo dispon\u00edvel em<span style=\"color: #0000ff;\"> <em><a style=\"color: #0000ff;\" href=\"https:\/\/creapb.org.br\/site\/formularios\/\">Formul\u00e1rios<\/a><\/em><\/span>);<\/li>\n<li>Pagamento da taxa respectiva<\/li>\n<\/ul>\n<p><strong>OBS<\/strong>.: 1)Em caso de deferimento da interrup\u00e7\u00e3o de registro, os d\u00e9bitos da pessoa jur\u00eddica ser\u00e3o mantidos, sendo pass\u00edveis de medidas administrativas de cobran\u00e7a pelos Creas ou cobran\u00e7a judicial, conforme o caso; 2) Constatado, durante o per\u00edodo de interrup\u00e7\u00e3o do registro ou ap\u00f3s o seu cancelamento, a execu\u00e7\u00e3o, pela pessoa jur\u00eddica, de atividades envolvendo o exerc\u00edcio de profiss\u00f5es fiscalizadas pelo Sistema Confea\/Crea, a referida pessoa jur\u00eddica ficar\u00e1 sujeita \u00e0 autua\u00e7\u00e3o por falta de registro e demais comina\u00e7\u00f5es legais aplic\u00e1veis.<\/p>\n<p><strong>CANCELAMENTO DE REGISTRO<\/strong><\/p>\n<ul>\n<li>Requerimento preenchido e assinado pelo representante legal (modelo dispon\u00edvel em<span style=\"color: #0000ff;\"> <em><a style=\"color: #0000ff;\" href=\"https:\/\/creapb.org.br\/site\/formularios\/\">Formul\u00e1rios<\/a><\/em><\/span>);<\/li>\n<li>Pagamento da taxa respectiva<\/li>\n<\/ul>\n<p><strong>OBS<\/strong>.: 1)Em caso de deferimento do cancelamento de registro, os d\u00e9bitos da pessoa jur\u00eddica ser\u00e3o mantidos, sendo pass\u00edveis de medidas administrativas de cobran\u00e7a pelos Creas ou cobran\u00e7a judicial, conforme o caso; 2)Constatado, durante o per\u00edodo de interrup\u00e7\u00e3o do registro ou ap\u00f3s o seu cancelamento, a execu\u00e7\u00e3o, pela pessoa jur\u00eddica, de atividades envolvendo o exerc\u00edcio de profiss\u00f5es fiscalizadas pelo Sistema Confea\/Crea, a referida pessoa jur\u00eddica ficar\u00e1 sujeita \u00e0 autua\u00e7\u00e3o por falta de registro e demais comina\u00e7\u00f5es legais aplic\u00e1veis.<\/p>\n<p><strong>OBS.<\/strong>: 2) Quando se tratar de registro de filial ou sucursal , anexar c\u00f3pia\u00a0 da Certid\u00e3o do CREA de origem.<\/p>\n<p><strong>OBS.<\/strong>: 3) Quando o profissional indicado for registrado em outro Estado, anexar Certid\u00e3o de Registro e Quita\u00e7\u00e3o do CREA de origem, constando a rela\u00e7\u00e3o da(s) firma(s) pela(s) qual(is) responde junto ao CREA ou firmar declara\u00e7\u00e3o contendo essas informa\u00e7\u00f5es.<\/p>\n<p>&nbsp;<\/p>\n<\/div>\n<\/div>\n","protected":false},"excerpt":{"rendered":"<p>PESSOA F\u00cdSICA PESSOA JUR\u00cdDICA Registro Profissional: CLIQUE AQUI PARA SOLICITAR SEU CADASTRO Documenta\u00e7\u00e3o Digitalizada: Requerimento padr\u00e3o preenchido e assinado (Dispon\u00edvel em\u00a0Formul\u00e1rios); Diploma ou Certificado de Conclus\u00e3o (com data m\u00e1xima de 90 dias), registrado pelo \u00f3rg\u00e3o competente do Sistema de Ensino; Hist\u00f3rico Escolar com indica\u00e7\u00e3o das disciplinas\/cargas hor\u00e1rias cursadas, carimbado e assinado pelo coordenador do curso; Carteira de identidade ou c\u00e9dula de identidade de estrangeiro com indica\u00e7\u00e3o de perman\u00eancia no Pa\u00eds, expedida na forma da lei; Prova de quita\u00e7\u00e3o com o servi\u00e7o militar, quando homem e brasileiro; T\u00edtulo Eleitoral e Comprovante de Quita\u00e7\u00e3o com a Justi\u00e7a Eleitoral, quando brasileiro; CPF; Comprovante [&hellip;]<\/p>\n","protected":false},"author":1,"featured_media":0,"parent":0,"menu_order":0,"comment_status":"closed","ping_status":"closed","template":"","meta":{"_acf_changed":false,"footnotes":""},"class_list":["post-13641","page","type-page","status-publish","hentry"],"acf":[],"_links":{"self":[{"href":"https:\/\/creapb.org.br\/site\/wp-json\/wp\/v2\/pages\/13641","targetHints":{"allow":["GET"]}}],"collection":[{"href":"https:\/\/creapb.org.br\/site\/wp-json\/wp\/v2\/pages"}],"about":[{"href":"https:\/\/creapb.org.br\/site\/wp-json\/wp\/v2\/types\/page"}],"author":[{"embeddable":true,"href":"https:\/\/creapb.org.br\/site\/wp-json\/wp\/v2\/users\/1"}],"replies":[{"embeddable":true,"href":"https:\/\/creapb.org.br\/site\/wp-json\/wp\/v2\/comments?post=13641"}],"version-history":[{"count":22,"href":"https:\/\/creapb.org.br\/site\/wp-json\/wp\/v2\/pages\/13641\/revisions"}],"predecessor-version":[{"id":18167,"href":"https:\/\/creapb.org.br\/site\/wp-json\/wp\/v2\/pages\/13641\/revisions\/18167"}],"wp:attachment":[{"href":"https:\/\/creapb.org.br\/site\/wp-json\/wp\/v2\/media?parent=13641"}],"curies":[{"name":"wp","href":"https:\/\/api.w.org\/{rel}","templated":true}]}}