{"id":19759,"date":"2023-07-16T21:13:32","date_gmt":"2023-07-17T00:13:32","guid":{"rendered":"https:\/\/crea.ativaweb.com.br\/?page_id=19661"},"modified":"2023-08-06T13:06:00","modified_gmt":"2023-08-06T16:06:00","slug":"empresa","status":"publish","type":"page","link":"https:\/\/creapb.org.br\/site\/empresa\/","title":{"rendered":"Empresa"},"content":{"rendered":"\t\t<div data-elementor-type=\"wp-page\" data-elementor-id=\"19759\" class=\"elementor elementor-19759\" data-elementor-post-type=\"page\">\n\t\t\t\t<div class=\"elementor-element elementor-element-d3b9f76 e-flex e-con-boxed e-con e-parent\" data-id=\"d3b9f76\" data-element_type=\"container\" data-e-type=\"container\">\n\t\t\t\t\t<div class=\"e-con-inner\">\n\t\t\t\t<div class=\"elementor-element elementor-element-a8127cc elementor-widget elementor-widget-heading\" data-id=\"a8127cc\" data-element_type=\"widget\" data-e-type=\"widget\" data-widget_type=\"heading.default\">\n\t\t\t\t<div class=\"elementor-widget-container\">\n\t\t\t\t\t<h2 class=\"elementor-heading-title elementor-size-default\">Empresa<\/h2>\t\t\t\t<\/div>\n\t\t\t\t<\/div>\n\t\t\t\t\t<\/div>\n\t\t\t\t<\/div>\n\t\t<div class=\"elementor-element elementor-element-b8362ac e-flex e-con-boxed e-con e-parent\" data-id=\"b8362ac\" data-element_type=\"container\" data-e-type=\"container\">\n\t\t\t\t\t<div class=\"e-con-inner\">\n\t\t<div class=\"elementor-element elementor-element-b977c88 e-con-full e-flex e-con e-child\" data-id=\"b977c88\" data-element_type=\"container\" data-e-type=\"container\">\n\t\t\t\t<div class=\"elementor-element elementor-element-89c408b elementor-align-start elementor-icon-list--layout-traditional elementor-list-item-link-full_width elementor-widget elementor-widget-icon-list\" data-id=\"89c408b\" data-element_type=\"widget\" data-e-type=\"widget\" data-widget_type=\"icon-list.default\">\n\t\t\t\t<div class=\"elementor-widget-container\">\n\t\t\t\t\t\t\t<ul class=\"elementor-icon-list-items\">\n\t\t\t\t\t\t\t<li class=\"elementor-icon-list-item\">\n\t\t\t\t\t\t\t\t\t\t\t<a href=\"https:\/\/servicos-crea-pb.sitac.com.br\" target=\"_blank\">\n\n\t\t\t\t\t\t\t\t\t\t\t\t<span class=\"elementor-icon-list-icon\">\n\t\t\t\t\t\t\t<i aria-hidden=\"true\" class=\"fas fa-chevron-circle-right\"><\/i>\t\t\t\t\t\t<\/span>\n\t\t\t\t\t\t\t\t\t\t<span class=\"elementor-icon-list-text\">Portal de Servi\u00e7os Pessoa Jur\u00eddica<\/span>\n\t\t\t\t\t\t\t\t\t\t\t<\/a>\n\t\t\t\t\t\t\t\t\t<\/li>\n\t\t\t\t\t\t\t\t<li class=\"elementor-icon-list-item\">\n\t\t\t\t\t\t\t\t\t\t\t<a href=\"https:\/\/www.camara.leg.br\/proposicoesWeb\/prop_mostrarintegra?codteor=562146\">\n\n\t\t\t\t\t\t\t\t\t\t\t\t<span class=\"elementor-icon-list-icon\">\n\t\t\t\t\t\t\t<i aria-hidden=\"true\" class=\"fas fa-chevron-circle-right\"><\/i>\t\t\t\t\t\t<\/span>\n\t\t\t\t\t\t\t\t\t\t<span class=\"elementor-icon-list-text\">Lei Federal 5.194\/66<\/span>\n\t\t\t\t\t\t\t\t\t\t\t<\/a>\n\t\t\t\t\t\t\t\t\t<\/li>\n\t\t\t\t\t\t\t\t<li class=\"elementor-icon-list-item\">\n\t\t\t\t\t\t\t\t\t\t\t<a href=\"https:\/\/www.in.gov.br\/web\/dou\/-\/resolucao-n-1.121-de-13-de-dezembro-de-2019-234335146\">\n\n\t\t\t\t\t\t\t\t\t\t\t\t<span class=\"elementor-icon-list-icon\">\n\t\t\t\t\t\t\t<i aria-hidden=\"true\" class=\"fas fa-chevron-circle-right\"><\/i>\t\t\t\t\t\t<\/span>\n\t\t\t\t\t\t\t\t\t\t<span class=\"elementor-icon-list-text\">Resolu\u00e7\u00e3o Confea n\u00ba 1.121\/2019<\/span>\n\t\t\t\t\t\t\t\t\t\t\t<\/a>\n\t\t\t\t\t\t\t\t\t<\/li>\n\t\t\t\t\t\t\t\t<li class=\"elementor-icon-list-item\">\n\t\t\t\t\t\t\t\t\t\t\t<a href=\"https:\/\/creapb.org.br\/empresa\/solicitacao-de-registro-definitivo-matriz\/\">\n\n\t\t\t\t\t\t\t\t\t\t\t\t<span class=\"elementor-icon-list-icon\">\n\t\t\t\t\t\t\t<i aria-hidden=\"true\" class=\"fas fa-chevron-circle-right\"><\/i>\t\t\t\t\t\t<\/span>\n\t\t\t\t\t\t\t\t\t\t<span class=\"elementor-icon-list-text\">Solicita\u00e7\u00e3o de Registro Definitivo (Matriz)<\/span>\n\t\t\t\t\t\t\t\t\t\t\t<\/a>\n\t\t\t\t\t\t\t\t\t<\/li>\n\t\t\t\t\t\t\t\t<li class=\"elementor-icon-list-item\">\n\t\t\t\t\t\t\t\t\t\t\t<a href=\"https:\/\/creapb.org.br\/empresa\/solicitar-registro-secundario\/\">\n\n\t\t\t\t\t\t\t\t\t\t\t\t<span class=\"elementor-icon-list-icon\">\n\t\t\t\t\t\t\t<i aria-hidden=\"true\" class=\"fas fa-chevron-circle-right\"><\/i>\t\t\t\t\t\t<\/span>\n\t\t\t\t\t\t\t\t\t\t<span class=\"elementor-icon-list-text\">Solicitar Registro Secund\u00e1rio<\/span>\n\t\t\t\t\t\t\t\t\t\t\t<\/a>\n\t\t\t\t\t\t\t\t\t<\/li>\n\t\t\t\t\t\t\t\t<li class=\"elementor-icon-list-item\">\n\t\t\t\t\t\t\t\t\t\t\t<a href=\"https:\/\/creapb.org.br\/empresa\/solicitar-visto-de-pessoa-juridica\/\">\n\n\t\t\t\t\t\t\t\t\t\t\t\t<span class=\"elementor-icon-list-icon\">\n\t\t\t\t\t\t\t<i aria-hidden=\"true\" class=\"fas fa-chevron-circle-right\"><\/i>\t\t\t\t\t\t<\/span>\n\t\t\t\t\t\t\t\t\t\t<span class=\"elementor-icon-list-text\">Solicitar Visto de Pessoa Jur\u00eddica<\/span>\n\t\t\t\t\t\t\t\t\t\t\t<\/a>\n\t\t\t\t\t\t\t\t\t<\/li>\n\t\t\t\t\t\t\t\t<li class=\"elementor-icon-list-item\">\n\t\t\t\t\t\t\t\t\t\t\t<a href=\"https:\/\/creapb.org.br\/empresa\/solicitar-cancelamento-do-registro-de-pessoa-juridica\/\">\n\n\t\t\t\t\t\t\t\t\t\t\t\t<span class=\"elementor-icon-list-icon\">\n\t\t\t\t\t\t\t<i aria-hidden=\"true\" class=\"fas fa-chevron-circle-right\"><\/i>\t\t\t\t\t\t<\/span>\n\t\t\t\t\t\t\t\t\t\t<span class=\"elementor-icon-list-text\">Solicitar o Cancelamento de Registro de Pessoa Jur\u00eddica<\/span>\n\t\t\t\t\t\t\t\t\t\t\t<\/a>\n\t\t\t\t\t\t\t\t\t<\/li>\n\t\t\t\t\t\t<\/ul>\n\t\t\t\t\t\t<\/div>\n\t\t\t\t<\/div>\n\t\t\t\t<\/div>\n\t\t<div class=\"elementor-element elementor-element-93e667c e-con-full e-flex e-con e-child\" data-id=\"93e667c\" data-element_type=\"container\" data-e-type=\"container\">\n\t\t\t\t<div class=\"elementor-element elementor-element-d4fc14f elementor-align-start elementor-icon-list--layout-traditional elementor-list-item-link-full_width elementor-widget elementor-widget-icon-list\" data-id=\"d4fc14f\" data-element_type=\"widget\" data-e-type=\"widget\" data-widget_type=\"icon-list.default\">\n\t\t\t\t<div class=\"elementor-widget-container\">\n\t\t\t\t\t\t\t<ul class=\"elementor-icon-list-items\">\n\t\t\t\t\t\t\t<li class=\"elementor-icon-list-item\">\n\t\t\t\t\t\t\t\t\t\t\t<a href=\"https:\/\/creapb.org.br\/empresa\/solicitar-o-cancelamento-do-registro-secundario-filial\/\">\n\n\t\t\t\t\t\t\t\t\t\t\t\t<span class=\"elementor-icon-list-icon\">\n\t\t\t\t\t\t\t<i aria-hidden=\"true\" class=\"fas fa-chevron-circle-right\"><\/i>\t\t\t\t\t\t<\/span>\n\t\t\t\t\t\t\t\t\t\t<span class=\"elementor-icon-list-text\">Solicitar o Cancelamento de Registro Secund\u00e1rio (Filial)<\/span>\n\t\t\t\t\t\t\t\t\t\t\t<\/a>\n\t\t\t\t\t\t\t\t\t<\/li>\n\t\t\t\t\t\t\t\t<li class=\"elementor-icon-list-item\">\n\t\t\t\t\t\t\t\t\t\t\t<a href=\"https:\/\/creapb.org.br\/empresa\/solicitacao-de-interrupcao-de-registros-de-pessoa-juridica\/\">\n\n\t\t\t\t\t\t\t\t\t\t\t\t<span class=\"elementor-icon-list-icon\">\n\t\t\t\t\t\t\t<i aria-hidden=\"true\" class=\"fas fa-chevron-circle-right\"><\/i>\t\t\t\t\t\t<\/span>\n\t\t\t\t\t\t\t\t\t\t<span class=\"elementor-icon-list-text\">Solicita\u00e7\u00e3o de Interrup\u00e7\u00e3o de Registro de Pessoa Jur\u00eddica<\/span>\n\t\t\t\t\t\t\t\t\t\t\t<\/a>\n\t\t\t\t\t\t\t\t\t<\/li>\n\t\t\t\t\t\t\t\t<li class=\"elementor-icon-list-item\">\n\t\t\t\t\t\t\t\t\t\t\t<a href=\"https:\/\/creapb.org.br\/empresa\/solicitar-indicacao-de-responsavel-tecnicort\/\">\n\n\t\t\t\t\t\t\t\t\t\t\t\t<span class=\"elementor-icon-list-icon\">\n\t\t\t\t\t\t\t<i aria-hidden=\"true\" class=\"fas fa-chevron-circle-right\"><\/i>\t\t\t\t\t\t<\/span>\n\t\t\t\t\t\t\t\t\t\t<span class=\"elementor-icon-list-text\">Solicitar Indica\u00e7\u00e3o Respons\u00e1vel T\u00e9cnico (RT)<\/span>\n\t\t\t\t\t\t\t\t\t\t\t<\/a>\n\t\t\t\t\t\t\t\t\t<\/li>\n\t\t\t\t\t\t\t\t<li class=\"elementor-icon-list-item\">\n\t\t\t\t\t\t\t\t\t\t\t<a href=\"https:\/\/creapb.org.br\/empresa\/solicitar-baixa-de-resposavel-tecnico-rt\/\">\n\n\t\t\t\t\t\t\t\t\t\t\t\t<span class=\"elementor-icon-list-icon\">\n\t\t\t\t\t\t\t<i aria-hidden=\"true\" class=\"fas fa-chevron-circle-right\"><\/i>\t\t\t\t\t\t<\/span>\n\t\t\t\t\t\t\t\t\t\t<span class=\"elementor-icon-list-text\">Solicitar Baixa de Respons\u00e1vel T\u00e9cnico (RT)<\/span>\n\t\t\t\t\t\t\t\t\t\t\t<\/a>\n\t\t\t\t\t\t\t\t\t<\/li>\n\t\t\t\t\t\t\t\t<li class=\"elementor-icon-list-item\">\n\t\t\t\t\t\t\t\t\t\t\t<a href=\"https:\/\/creapb.org.br\/empresa\/entrar-com-defesa-recurso-de-auto-de-infracao-emitido-pelo-crea\/\">\n\n\t\t\t\t\t\t\t\t\t\t\t\t<span class=\"elementor-icon-list-icon\">\n\t\t\t\t\t\t\t<i aria-hidden=\"true\" class=\"fas fa-chevron-circle-right\"><\/i>\t\t\t\t\t\t<\/span>\n\t\t\t\t\t\t\t\t\t\t<span class=\"elementor-icon-list-text\">Entrar com defesa\/recurso de auto de infra\u00e7\u00e3o emitido pelo Crea<\/span>\n\t\t\t\t\t\t\t\t\t\t\t<\/a>\n\t\t\t\t\t\t\t\t\t<\/li>\n\t\t\t\t\t\t\t\t<li class=\"elementor-icon-list-item\">\n\t\t\t\t\t\t\t\t\t\t\t<a href=\"https:\/\/creapb.org.br\/empresa\/alterar-dados-no-cadastro-de-pessoa-juridica-aditivo\/\">\n\n\t\t\t\t\t\t\t\t\t\t\t\t<span class=\"elementor-icon-list-icon\">\n\t\t\t\t\t\t\t<i aria-hidden=\"true\" class=\"fas fa-chevron-circle-right\"><\/i>\t\t\t\t\t\t<\/span>\n\t\t\t\t\t\t\t\t\t\t<span class=\"elementor-icon-list-text\">Alterar dados no cadastro de Pessoa Jur\u00eddica (Aditivo )<\/span>\n\t\t\t\t\t\t\t\t\t\t\t<\/a>\n\t\t\t\t\t\t\t\t\t<\/li>\n\t\t\t\t\t\t<\/ul>\n\t\t\t\t\t\t<\/div>\n\t\t\t\t<\/div>\n\t\t\t\t<\/div>\n\t\t\t\t\t<\/div>\n\t\t\t\t<\/div>\n\t\t\t\t<\/div>\n\t\t","protected":false},"excerpt":{"rendered":"<p>Portal de Servi\u00e7os Pessoa Jur\u00eddica Lei Federal 5.194\/66 Resolu\u00e7\u00e3o Confea n\u00ba 1.121\/2019 Solicita\u00e7\u00e3o de Registro Definitivo (Matriz) Solicitar Registro Secund\u00e1rio Solicitar Visto de Pessoa Jur\u00eddica Solicitar o Cancelamento de Registro de Pessoa Jur\u00eddica Solicitar o Cancelamento de Registro Secund\u00e1rio (Filial) Solicita\u00e7\u00e3o de Interrup\u00e7\u00e3o de Registro de Pessoa Jur\u00eddica Solicitar Indica\u00e7\u00e3o Respons\u00e1vel T\u00e9cnico (RT) Solicitar Baixa de Respons\u00e1vel T\u00e9cnico (RT) Entrar com defesa\/recurso de auto de infra\u00e7\u00e3o emitido pelo Crea Alterar dados no cadastro de Pessoa Jur\u00eddica (Aditivo )<\/p>\n","protected":false},"author":1,"featured_media":0,"parent":0,"menu_order":0,"comment_status":"closed","ping_status":"closed","template":"elementor_header_footer","meta":{"_acf_changed":false,"footnotes":""},"class_list":["post-19759","page","type-page","status-publish","hentry"],"acf":[],"_links":{"self":[{"href":"https:\/\/creapb.org.br\/site\/wp-json\/wp\/v2\/pages\/19759","targetHints":{"allow":["GET"]}}],"collection":[{"href":"https:\/\/creapb.org.br\/site\/wp-json\/wp\/v2\/pages"}],"about":[{"href":"https:\/\/creapb.org.br\/site\/wp-json\/wp\/v2\/types\/page"}],"author":[{"embeddable":true,"href":"https:\/\/creapb.org.br\/site\/wp-json\/wp\/v2\/users\/1"}],"replies":[{"embeddable":true,"href":"https:\/\/creapb.org.br\/site\/wp-json\/wp\/v2\/comments?post=19759"}],"version-history":[{"count":6,"href":"https:\/\/creapb.org.br\/site\/wp-json\/wp\/v2\/pages\/19759\/revisions"}],"predecessor-version":[{"id":19852,"href":"https:\/\/creapb.org.br\/site\/wp-json\/wp\/v2\/pages\/19759\/revisions\/19852"}],"wp:attachment":[{"href":"https:\/\/creapb.org.br\/site\/wp-json\/wp\/v2\/media?parent=19759"}],"curies":[{"name":"wp","href":"https:\/\/api.w.org\/{rel}","templated":true}]}}

<div data-elementor-type="wp-page" data-elementor-id="19759" class="elementor elementor-19759" data-elementor-post-type="page">
				<div class="elementor-element elementor-element-d3b9f76 e-flex e-con-boxed e-con e-parent" data-id="d3b9f76" data-element_type="container" data-e-type="container">
					<div class="e-con-inner">
				<div class="elementor-element elementor-element-a8127cc elementor-widget elementor-widget-heading" data-id="a8127cc" data-element_type="widget" data-e-type="widget" data-widget_type="heading.default">
				<div class="elementor-widget-container">
					<h2 class="elementor-heading-title elementor-size-default">Empresa</h2>				</div>
				</div>
					</div>
				</div>
		<div class="elementor-element elementor-element-b8362ac e-flex e-con-boxed e-con e-parent" data-id="b8362ac" data-element_type="container" data-e-type="container">
					<div class="e-con-inner">
		<div class="elementor-element elementor-element-b977c88 e-con-full e-flex e-con e-child" data-id="b977c88" data-element_type="container" data-e-type="container">
				<div class="elementor-element elementor-element-89c408b elementor-align-start elementor-icon-list--layout-traditional elementor-list-item-link-full_width elementor-widget elementor-widget-icon-list" data-id="89c408b" data-element_type="widget" data-e-type="widget" data-widget_type="icon-list.default">
				<div class="elementor-widget-container">
							<ul class="elementor-icon-list-items">
							<li class="elementor-icon-list-item">
											<a href="https://servicos-crea-pb.sitac.com.br" target="_blank">

												<span class="elementor-icon-list-icon">
							<i aria-hidden="true" class="fas fa-chevron-circle-right"></i>						</span>
										<span class="elementor-icon-list-text">Portal de Serviços Pessoa Jurídica</span>
											</a>
									</li>
								<li class="elementor-icon-list-item">
											<a href="https://www.camara.leg.br/proposicoesWeb/prop_mostrarintegra?codteor=562146">

												<span class="elementor-icon-list-icon">
							<i aria-hidden="true" class="fas fa-chevron-circle-right"></i>						</span>
										<span class="elementor-icon-list-text">Lei Federal 5.194/66</span>
											</a>
									</li>
								<li class="elementor-icon-list-item">
											<a href="https://www.in.gov.br/web/dou/-/resolucao-n-1.121-de-13-de-dezembro-de-2019-234335146">

												<span class="elementor-icon-list-icon">
							<i aria-hidden="true" class="fas fa-chevron-circle-right"></i>						</span>
										<span class="elementor-icon-list-text">Resolução Confea nº 1.121/2019</span>
											</a>
									</li>
								<li class="elementor-icon-list-item">
											<a href="https://creapb.org.br/empresa/solicitacao-de-registro-definitivo-matriz/">

												<span class="elementor-icon-list-icon">
							<i aria-hidden="true" class="fas fa-chevron-circle-right"></i>						</span>
										<span class="elementor-icon-list-text">Solicitação de Registro Definitivo (Matriz)</span>
											</a>
									</li>
								<li class="elementor-icon-list-item">
											<a href="https://creapb.org.br/empresa/solicitar-registro-secundario/">

												<span class="elementor-icon-list-icon">
							<i aria-hidden="true" class="fas fa-chevron-circle-right"></i>						</span>
										<span class="elementor-icon-list-text">Solicitar Registro Secundário</span>
											</a>
									</li>
								<li class="elementor-icon-list-item">
											<a href="https://creapb.org.br/empresa/solicitar-visto-de-pessoa-juridica/">

												<span class="elementor-icon-list-icon">
							<i aria-hidden="true" class="fas fa-chevron-circle-right"></i>						</span>
										<span class="elementor-icon-list-text">Solicitar Visto de Pessoa Jurídica</span>
											</a>
									</li>
								<li class="elementor-icon-list-item">
											<a href="https://creapb.org.br/empresa/solicitar-cancelamento-do-registro-de-pessoa-juridica/">

												<span class="elementor-icon-list-icon">
							<i aria-hidden="true" class="fas fa-chevron-circle-right"></i>						</span>
										<span class="elementor-icon-list-text">Solicitar o Cancelamento de Registro de Pessoa Jurídica</span>
											</a>
									</li>
						</ul>
						</div>
				</div>
				</div>
		<div class="elementor-element elementor-element-93e667c e-con-full e-flex e-con e-child" data-id="93e667c" data-element_type="container" data-e-type="container">
				<div class="elementor-element elementor-element-d4fc14f elementor-align-start elementor-icon-list--layout-traditional elementor-list-item-link-full_width elementor-widget elementor-widget-icon-list" data-id="d4fc14f" data-element_type="widget" data-e-type="widget" data-widget_type="icon-list.default">
				<div class="elementor-widget-container">
							<ul class="elementor-icon-list-items">
							<li class="elementor-icon-list-item">
											<a href="https://creapb.org.br/empresa/solicitar-o-cancelamento-do-registro-secundario-filial/">

												<span class="elementor-icon-list-icon">
							<i aria-hidden="true" class="fas fa-chevron-circle-right"></i>						</span>
										<span class="elementor-icon-list-text">Solicitar o Cancelamento de Registro Secundário (Filial)</span>
											</a>
									</li>
								<li class="elementor-icon-list-item">
											<a href="https://creapb.org.br/empresa/solicitacao-de-interrupcao-de-registros-de-pessoa-juridica/">

												<span class="elementor-icon-list-icon">
							<i aria-hidden="true" class="fas fa-chevron-circle-right"></i>						</span>
										<span class="elementor-icon-list-text">Solicitação de Interrupção de Registro de Pessoa Jurídica</span>
											</a>
									</li>
								<li class="elementor-icon-list-item">
											<a href="https://creapb.org.br/empresa/solicitar-indicacao-de-responsavel-tecnicort/">

												<span class="elementor-icon-list-icon">
							<i aria-hidden="true" class="fas fa-chevron-circle-right"></i>						</span>
										<span class="elementor-icon-list-text">Solicitar Indicação Responsável Técnico (RT)</span>
											</a>
									</li>
								<li class="elementor-icon-list-item">
											<a href="https://creapb.org.br/empresa/solicitar-baixa-de-resposavel-tecnico-rt/">

												<span class="elementor-icon-list-icon">
							<i aria-hidden="true" class="fas fa-chevron-circle-right"></i>						</span>
										<span class="elementor-icon-list-text">Solicitar Baixa de Responsável Técnico (RT)</span>
											</a>
									</li>
								<li class="elementor-icon-list-item">
											<a href="https://creapb.org.br/empresa/entrar-com-defesa-recurso-de-auto-de-infracao-emitido-pelo-crea/">

												<span class="elementor-icon-list-icon">
							<i aria-hidden="true" class="fas fa-chevron-circle-right"></i>						</span>
										<span class="elementor-icon-list-text">Entrar com defesa/recurso de auto de infração emitido pelo Crea</span>
											</a>
									</li>
								<li class="elementor-icon-list-item">
											<a href="https://creapb.org.br/empresa/alterar-dados-no-cadastro-de-pessoa-juridica-aditivo/">

												<span class="elementor-icon-list-icon">
							<i aria-hidden="true" class="fas fa-chevron-circle-right"></i>						</span>
										<span class="elementor-icon-list-text">Alterar dados no cadastro de Pessoa Jurídica (Aditivo )</span>
											</a>
									</li>
						</ul>
						</div>
				</div>
				</div>
					</div>
				</div>
				</div>

<p>Portal de Serviços Pessoa Jurídica Lei Federal 5.194/66 Resolução Confea nº 1.121/2019 Solicitação de Registro Definitivo (Matriz) Solicitar Registro Secundário Solicitar Visto de Pessoa Jurídica Solicitar o Cancelamento de Registro de Pessoa Jurídica Solicitar o Cancelamento de Registro Secundário (Filial) Solicitação de Interrupção de Registro de Pessoa Jurídica Solicitar Indicação Responsável Técnico (RT) Solicitar Baixa de Responsável Técnico (RT) Entrar com defesa/recurso de auto de infração emitido pelo Crea Alterar dados no cadastro de Pessoa Jurídica (Aditivo )</p>
