{"id":19761,"date":"2023-07-16T21:21:51","date_gmt":"2023-07-17T00:21:51","guid":{"rendered":"https:\/\/crea.ativaweb.com.br\/?page_id=19665"},"modified":"2023-07-16T21:21:51","modified_gmt":"2023-07-17T00:21:51","slug":"solicitar-registro-secundario","status":"publish","type":"page","link":"https:\/\/creapb.org.br\/site\/empresa\/solicitar-registro-secundario\/","title":{"rendered":"SOLICITAR REGISTRO SECUND\u00c1RIO"},"content":{"rendered":"<p>Requerimento\u00a0<strong><a href=\"https:\/\/creapb.org.br\/site\/wp-content\/uploads\/2016\/12\/Requerimento-Pessoa-Jur\u00eddica-todos-servi\u00e7os-3.docx\" target=\"_blank\" rel=\"noopener\">(Clique Aqui)<\/a><\/strong><\/p>\n<p>Solicite Aqui\u00a0<strong><a href=\"https:\/\/crea-pb.sitac.com.br\/publico\/\" target=\"_blank\" rel=\"noopener\">(Clique Aqui)<\/a><\/strong><\/p>\n<p>&nbsp;<\/p>\n<p>Para solicitar o registro de Pessoa Jur\u00eddica\u00a0perante o CREA-PB, conforme disp\u00f5e a Resolu\u00e7\u00e3o do Confea n\u00ba 1.121\/19, o\u00a0requerente dever\u00e1 acessar o link<strong>\u00a0<\/strong><strong><a href=\"https:\/\/crea-pb.sitac.com.br\/publico\/\" target=\"_blank\" rel=\"noopener\">sitac<\/a><\/strong>.<br \/>\nEm \u201csolicita\u00e7\u00e3o de registro\/registro\/Visto de Pessoa Jur\u00eddica-EMPRESA, preencher os campos e anexar os documentos requeridos.<\/p>\n<p>Obs: O valor da taxa de registro, de acordo com a tabela contida no na PL n\u00ba 1457\/2022 do CONFEA, \u00e9 de R$ 289,39, que ser\u00e1 encaminhado ao e-mail da empresa quando for conclu\u00edda a presente solicita\u00e7\u00e3o, devendo ser paga no ato para que o processo seja analisado.<\/p>\n<p><strong>DOCUMENTOS NECESS\u00c1RIOS:<\/strong><\/p>\n<ol>\n<li>Requerimento\u00a0<u>datado e assinado por representante legal da PJ<\/u>; (<strong><a href=\"https:\/\/creapb.org.br\/site\/wp-content\/uploads\/2016\/12\/Requerimento-Pessoa-Jur\u00eddica-todos-servi\u00e7os-3.docx\" target=\"_blank\" rel=\"noopener\">REQUERIMENTO DE PESSOA JUR\u00cdDICA \u2013 RPJ\u00a0<\/a><\/strong>)<strong>.<\/strong><\/li>\n<\/ol>\n<p>&nbsp;<\/p>\n<ol start=\"2\">\n<li>Contrato social de constitui\u00e7\u00e3o e aditivos se houver; ou contrato social consolidado atualizado, registrado na Junta Comercial ou em outro \u00f3rg\u00e3o competente para o registro de empresa, devidamente atualizado no Crea de origem (matriz));<\/li>\n<li>Certid\u00e3o de Registro e Quita\u00e7\u00e3o pessoa jur\u00eddica,\u00a0<u>emitida pelo CREA de origem da PJ, v\u00e1lida e atualizada;<\/u><\/li>\n<li>Comprova\u00e7\u00e3o de que o profissional reside no PB (comprovante de endere\u00e7o; ou declara\u00e7\u00e3o de resid\u00eancia; ou contrato de loca\u00e7\u00e3o im\u00f3vel; ou contrato de hospedagem em hotel, devidamente, assinado);<\/li>\n<li>ART de cargo ou fun\u00e7\u00e3o registrada no CREA-PB; e<\/li>\n<li>V\u00ednculo de trabalho com a PJ,\u00a0<u>datado e assinado (contrato de trabalho, ficha de registro de empregado ou partes da CTPS)<\/u>.<\/li>\n<\/ol>\n<p><strong>OBSERVA\u00c7\u00d5ES:<\/strong><\/p>\n<p>\u2013 Caso n\u00e3o seja o representante legal que assine o requerimento, dever\u00e1\u00a0<u>anexar procura\u00e7\u00e3o<\/u>;<\/p>\n<p>\u2013 Se o RT for habilitado com carteira CREA-PB, desconsiderar o item 4;<\/p>\n<p>\u2013 Se o RT for s\u00f3cio ou titular da PJ, ou ainda se ele consta como RT pela mesma PJ na Certid\u00e3o de Registro de Quita\u00e7\u00e3o (CRQ) do CREA de origem, desconsiderar o item 6;<\/p>\n<p>\u2013\u00a0<u>Profissionais<\/u>\u00a0de outra UF dever\u00e3o,\u00a0<u>antes da indica\u00e7\u00e3o<\/u>, visar o registro da pessoa f\u00edsica.<\/p>\n<p>\u2013 CRQ e o contrato social dever\u00e3o constar as\u00a0<u>mesmas informa\u00e7\u00f5es<\/u>, tais como objetivo social, capital social, entre outras.<\/p>\n","protected":false},"excerpt":{"rendered":"<p>Requerimento\u00a0(Clique Aqui) Solicite Aqui\u00a0(Clique Aqui) &nbsp; Para solicitar o registro de Pessoa Jur\u00eddica\u00a0perante o CREA-PB, conforme disp\u00f5e a Resolu\u00e7\u00e3o do Confea n\u00ba 1.121\/19, o\u00a0requerente dever\u00e1 acessar o link\u00a0sitac. Em \u201csolicita\u00e7\u00e3o de registro\/registro\/Visto de Pessoa Jur\u00eddica-EMPRESA, preencher os campos e anexar os documentos requeridos. Obs: O valor da taxa de registro, de acordo com a tabela contida no na PL n\u00ba 1457\/2022 do CONFEA, \u00e9 de R$ 289,39, que ser\u00e1 encaminhado ao e-mail da empresa quando for conclu\u00edda a presente solicita\u00e7\u00e3o, devendo ser paga no ato para que o processo seja analisado. DOCUMENTOS NECESS\u00c1RIOS: Requerimento\u00a0datado e assinado por representante legal da [&hellip;]<\/p>\n","protected":false},"author":1,"featured_media":0,"parent":19759,"menu_order":0,"comment_status":"closed","ping_status":"closed","template":"","meta":{"_acf_changed":false,"footnotes":""},"class_list":["post-19761","page","type-page","status-publish","hentry"],"acf":[],"_links":{"self":[{"href":"https:\/\/creapb.org.br\/site\/wp-json\/wp\/v2\/pages\/19761","targetHints":{"allow":["GET"]}}],"collection":[{"href":"https:\/\/creapb.org.br\/site\/wp-json\/wp\/v2\/pages"}],"about":[{"href":"https:\/\/creapb.org.br\/site\/wp-json\/wp\/v2\/types\/page"}],"author":[{"embeddable":true,"href":"https:\/\/creapb.org.br\/site\/wp-json\/wp\/v2\/users\/1"}],"replies":[{"embeddable":true,"href":"https:\/\/creapb.org.br\/site\/wp-json\/wp\/v2\/comments?post=19761"}],"version-history":[{"count":0,"href":"https:\/\/creapb.org.br\/site\/wp-json\/wp\/v2\/pages\/19761\/revisions"}],"up":[{"embeddable":true,"href":"https:\/\/creapb.org.br\/site\/wp-json\/wp\/v2\/pages\/19759"}],"wp:attachment":[{"href":"https:\/\/creapb.org.br\/site\/wp-json\/wp\/v2\/media?parent=19761"}],"curies":[{"name":"wp","href":"https:\/\/api.w.org\/{rel}","templated":true}]}}

SOLICITAR REGISTRO SECUNDÁRIO

<p>Requerimento <strong><a href="https://creapb.org.br/site/wp-content/uploads/2016/12/Requerimento-Pessoa-Jurídica-todos-serviços-3.docx" target="_blank" rel="noopener">(Clique Aqui)</a></strong></p>
<p>Solicite Aqui <strong><a href="https://crea-pb.sitac.com.br/publico/" target="_blank" rel="noopener">(Clique Aqui)</a></strong></p>
<p>&nbsp;</p>
<p>Para solicitar o registro de Pessoa Jurídica perante o CREA-PB, conforme dispõe a Resolução do Confea nº 1.121/19, o requerente deverá acessar o link<strong> </strong><strong><a href="https://crea-pb.sitac.com.br/publico/" target="_blank" rel="noopener">sitac</a></strong>.<br />
Em “solicitação de registro/registro/Visto de Pessoa Jurídica-EMPRESA, preencher os campos e anexar os documentos requeridos.</p>
<p>Obs: O valor da taxa de registro, de acordo com a tabela contida no na PL nº 1457/2022 do CONFEA, é de R$ 289,39, que será encaminhado ao e-mail da empresa quando for concluída a presente solicitação, devendo ser paga no ato para que o processo seja analisado.</p>
<p><strong>DOCUMENTOS NECESSÁRIOS:</strong></p>
<ol>
<li>Requerimento <u>datado e assinado por representante legal da PJ</u>; (<strong><a href="https://creapb.org.br/site/wp-content/uploads/2016/12/Requerimento-Pessoa-Jurídica-todos-serviços-3.docx" target="_blank" rel="noopener">REQUERIMENTO DE PESSOA JURÍDICA – RPJ </a></strong>)<strong>.</strong></li>
</ol>
<p>&nbsp;</p>
<ol start="2">
<li>Contrato social de constituição e aditivos se houver; ou contrato social consolidado atualizado, registrado na Junta Comercial ou em outro órgão competente para o registro de empresa, devidamente atualizado no Crea de origem (matriz));</li>
<li>Certidão de Registro e Quitação pessoa jurídica, <u>emitida pelo CREA de origem da PJ, válida e atualizada;</u></li>
<li>Comprovação de que o profissional reside no PB (comprovante de endereço; ou declaração de residência; ou contrato de locação imóvel; ou contrato de hospedagem em hotel, devidamente, assinado);</li>
<li>ART de cargo ou função registrada no CREA-PB; e</li>
<li>Vínculo de trabalho com a PJ, <u>datado e assinado (contrato de trabalho, ficha de registro de empregado ou partes da CTPS)</u>.</li>
</ol>
<p><strong>OBSERVAÇÕES:</strong></p>
<p>– Caso não seja o representante legal que assine o requerimento, deverá <u>anexar procuração</u>;</p>
<p>– Se o RT for habilitado com carteira CREA-PB, desconsiderar o item 4;</p>
<p>– Se o RT for sócio ou titular da PJ, ou ainda se ele consta como RT pela mesma PJ na Certidão de Registro de Quitação (CRQ) do CREA de origem, desconsiderar o item 6;</p>
<p>– <u>Profissionais</u> de outra UF deverão, <u>antes da indicação</u>, visar o registro da pessoa física.</p>
<p>– CRQ e o contrato social deverão constar as <u>mesmas informações</u>, tais como objetivo social, capital social, entre outras.</p>

<p>Requerimento (Clique Aqui) Solicite Aqui (Clique Aqui) &nbsp; Para solicitar o registro de Pessoa Jurídica perante o CREA-PB, conforme dispõe a Resolução do Confea nº 1.121/19, o requerente deverá acessar o link sitac. Em “solicitação de registro/registro/Visto de Pessoa Jurídica-EMPRESA, preencher os campos e anexar os documentos requeridos. Obs: O valor da taxa de registro, de acordo com a tabela contida no na PL nº 1457/2022 do CONFEA, é de R$ 289,39, que será encaminhado ao e-mail da empresa quando for concluída a presente solicitação, devendo ser paga no ato para que o processo seja analisado. DOCUMENTOS NECESSÁRIOS: Requerimento datado e assinado por representante legal da [&hellip;]</p>
