{"id":19764,"date":"2023-07-16T21:26:21","date_gmt":"2023-07-17T00:26:21","guid":{"rendered":"https:\/\/crea.ativaweb.com.br\/?page_id=19671"},"modified":"2023-07-16T21:26:21","modified_gmt":"2023-07-17T00:26:21","slug":"solicitar-o-cancelamento-do-registro-secundario-filial","status":"publish","type":"page","link":"https:\/\/creapb.org.br\/site\/empresa\/solicitar-o-cancelamento-do-registro-secundario-filial\/","title":{"rendered":"SOLICITAR O CANCELAMENTO DO REGISTRO SECUND\u00c1RIO (FILIAL)"},"content":{"rendered":"<p>Solicite Aqui\u00a0<strong><a href=\"https:\/\/servicos-crea-pb.sitac.com.br\/\" target=\"_blank\" rel=\"noopener\">(Clique Aqui)<\/a><\/strong><\/p>\n<p>&nbsp;<\/p>\n<p>Para solicitar o cancelamento do registro da Empresa (filial) perante o Crea-PB, conforme determina os Artigos 29 \u00e0 33 da Resolu\u00e7\u00e3o 1.121\/19 do Confea,\u00a0 a empresa dever\u00e1 acessar o link\u00a0<strong><a href=\"https:\/\/servicos-crea-pb.sitac.com.br\/\" target=\"_blank\" rel=\"noopener\">Empresa\/Profissional<\/a><\/strong>, neste site, informando o CNPJ e a senha de acesso. Escolha a op\u00e7\u00e3o PROTOCOLO\/CADASTRAR PROTOCOLO\/EMPRESA\/CANCELAMENTO DE REGISTRO.<\/p>\n<p>Leia atentamente as instru\u00e7\u00f5es abaixo:<\/p>\n<p>Instru\u00e7\u00f5es Importantes:<\/p>\n<p><u>O cancelamento previsto no caput do Art. 30 da Resolu\u00e7\u00e3o do Confea n\u00ba\u00a0\u00a0 1.121\/19, implicar\u00e1:<\/u><\/p>\n<p>I \u2013 A baixa das Anota\u00e7\u00f5es de Responsabilidade T\u00e9cnica \u2013 ARTs referentes a obras ou servi\u00e7os executados ou em execu\u00e7\u00e3o registradas nos Creas onde a pessoa jur\u00eddica requereu ou visou seu registro;<\/p>\n<p>II \u2013 A baixa dos vistos da pessoa jur\u00eddica nos Creas de outras circunscri\u00e7\u00f5es; e<\/p>\n<p>III \u2013 A baixa das Anota\u00e7\u00f5es de Responsabilidade T\u00e9cnica \u2013 ARTs de cargo ou fun\u00e7\u00e3o dos respons\u00e1veis t\u00e9cnicos e dos integrantes do quadro t\u00e9cnico da pessoa jur\u00eddica.<\/p>\n<p><u>Documenta\u00e7\u00e3o Exigida:<\/u><\/p>\n<p>\u2013 Requerimento datado e assinado por representante legal da PJ; Caso n\u00e3o seja o representante legal que assine o requerimento, dever\u00e1 anexar procura\u00e7\u00e3o e c\u00f3pia do RG ou documento afim; e<\/p>\n<p>\u2013\u00a0 Justificativa da motiva\u00e7\u00e3o para o cancelamento<\/p>\n","protected":false},"excerpt":{"rendered":"<p>Solicite Aqui\u00a0(Clique Aqui) &nbsp; Para solicitar o cancelamento do registro da Empresa (filial) perante o Crea-PB, conforme determina os Artigos 29 \u00e0 33 da Resolu\u00e7\u00e3o 1.121\/19 do Confea,\u00a0 a empresa dever\u00e1 acessar o link\u00a0Empresa\/Profissional, neste site, informando o CNPJ e a senha de acesso. Escolha a op\u00e7\u00e3o PROTOCOLO\/CADASTRAR PROTOCOLO\/EMPRESA\/CANCELAMENTO DE REGISTRO. Leia atentamente as instru\u00e7\u00f5es abaixo: Instru\u00e7\u00f5es Importantes: O cancelamento previsto no caput do Art. 30 da Resolu\u00e7\u00e3o do Confea n\u00ba\u00a0\u00a0 1.121\/19, implicar\u00e1: I \u2013 A baixa das Anota\u00e7\u00f5es de Responsabilidade T\u00e9cnica \u2013 ARTs referentes a obras ou servi\u00e7os executados ou em execu\u00e7\u00e3o registradas nos Creas onde a pessoa jur\u00eddica [&hellip;]<\/p>\n","protected":false},"author":1,"featured_media":0,"parent":19759,"menu_order":0,"comment_status":"closed","ping_status":"closed","template":"","meta":{"_acf_changed":false,"footnotes":""},"class_list":["post-19764","page","type-page","status-publish","hentry"],"acf":[],"_links":{"self":[{"href":"https:\/\/creapb.org.br\/site\/wp-json\/wp\/v2\/pages\/19764","targetHints":{"allow":["GET"]}}],"collection":[{"href":"https:\/\/creapb.org.br\/site\/wp-json\/wp\/v2\/pages"}],"about":[{"href":"https:\/\/creapb.org.br\/site\/wp-json\/wp\/v2\/types\/page"}],"author":[{"embeddable":true,"href":"https:\/\/creapb.org.br\/site\/wp-json\/wp\/v2\/users\/1"}],"replies":[{"embeddable":true,"href":"https:\/\/creapb.org.br\/site\/wp-json\/wp\/v2\/comments?post=19764"}],"version-history":[{"count":0,"href":"https:\/\/creapb.org.br\/site\/wp-json\/wp\/v2\/pages\/19764\/revisions"}],"up":[{"embeddable":true,"href":"https:\/\/creapb.org.br\/site\/wp-json\/wp\/v2\/pages\/19759"}],"wp:attachment":[{"href":"https:\/\/creapb.org.br\/site\/wp-json\/wp\/v2\/media?parent=19764"}],"curies":[{"name":"wp","href":"https:\/\/api.w.org\/{rel}","templated":true}]}}

SOLICITAR O CANCELAMENTO DO REGISTRO SECUNDÁRIO (FILIAL)

<p>Solicite Aqui <strong><a href="https://servicos-crea-pb.sitac.com.br/" target="_blank" rel="noopener">(Clique Aqui)</a></strong></p>
<p>&nbsp;</p>
<p>Para solicitar o cancelamento do registro da Empresa (filial) perante o Crea-PB, conforme determina os Artigos 29 à 33 da Resolução 1.121/19 do Confea,  a empresa deverá acessar o link <strong><a href="https://servicos-crea-pb.sitac.com.br/" target="_blank" rel="noopener">Empresa/Profissional</a></strong>, neste site, informando o CNPJ e a senha de acesso. Escolha a opção PROTOCOLO/CADASTRAR PROTOCOLO/EMPRESA/CANCELAMENTO DE REGISTRO.</p>
<p>Leia atentamente as instruções abaixo:</p>
<p>Instruções Importantes:</p>
<p><u>O cancelamento previsto no caput do Art. 30 da Resolução do Confea nº   1.121/19, implicará:</u></p>
<p>I – A baixa das Anotações de Responsabilidade Técnica – ARTs referentes a obras ou serviços executados ou em execução registradas nos Creas onde a pessoa jurídica requereu ou visou seu registro;</p>
<p>II – A baixa dos vistos da pessoa jurídica nos Creas de outras circunscrições; e</p>
<p>III – A baixa das Anotações de Responsabilidade Técnica – ARTs de cargo ou função dos responsáveis técnicos e dos integrantes do quadro técnico da pessoa jurídica.</p>
<p><u>Documentação Exigida:</u></p>
<p>– Requerimento datado e assinado por representante legal da PJ; Caso não seja o representante legal que assine o requerimento, deverá anexar procuração e cópia do RG ou documento afim; e</p>
<p>–  Justificativa da motivação para o cancelamento</p>

<p>Solicite Aqui (Clique Aqui) &nbsp; Para solicitar o cancelamento do registro da Empresa (filial) perante o Crea-PB, conforme determina os Artigos 29 à 33 da Resolução 1.121/19 do Confea,  a empresa deverá acessar o link Empresa/Profissional, neste site, informando o CNPJ e a senha de acesso. Escolha a opção PROTOCOLO/CADASTRAR PROTOCOLO/EMPRESA/CANCELAMENTO DE REGISTRO. Leia atentamente as instruções abaixo: Instruções Importantes: O cancelamento previsto no caput do Art. 30 da Resolução do Confea nº   1.121/19, implicará: I – A baixa das Anotações de Responsabilidade Técnica – ARTs referentes a obras ou serviços executados ou em execução registradas nos Creas onde a pessoa jurídica [&hellip;]</p>
