{"id":23718,"date":"2025-06-16T13:24:07","date_gmt":"2025-06-16T16:24:07","guid":{"rendered":"https:\/\/creapb.org.br\/?page_id=23718"},"modified":"2025-06-16T13:59:19","modified_gmt":"2025-06-16T16:59:19","slug":"inscricao-programacao-do-12o-cep-pb","status":"publish","type":"page","link":"https:\/\/creapb.org.br\/site\/inscricao-programacao-do-12o-cep-pb\/","title":{"rendered":"Inscri\u00e7\u00e3o Programa\u00e7\u00e3o do 12\u00ba CEP-PB"},"content":{"rendered":"\n<p><strong><mark>A programa\u00e7\u00e3o do 12\u00ba CEP-PB contar\u00e1 com quatro etapas microrregionais:<\/mark><\/strong><\/p>\n\n\n\n<p><strong><em>1\u00aa Etapa<\/em><\/strong><br>Data: 10 de julho de 2025<br>Local: Guarabira<br>Inscri\u00e7\u00e3o: <a href=\"https:\/\/www.even3.com.br\/etapa-microrregional-de-guarabira-do-congresso-estadual-de-profissionais-593259\/\">https:\/\/www.even3.com.br\/etapa-microrregional-de-guarabira-do-congresso-estadual-de-profissionais-593259\/<\/a><\/p>\n\n\n\n<p><strong><em>2\u00aa Etapa<\/em><\/strong><br>Data: 11 de julho de 2025<br>Local: Campina Grande<br>Inscri\u00e7\u00e3o: <a href=\"https:\/\/www.even3.com.br\/etapa-microrregional-de-campina-grande-do-congresso-estadual-de-profissionais-593615\/\">https:\/\/www.even3.com.br\/etapa-microrregional-de-campina-grande-do-congresso-estadual-de-profissionais-593615\/<\/a><\/p>\n\n\n\n<p><strong><em>3\u00aa Etapa<\/em><\/strong><br>Data: 24 de julho de 2025<br>Local: Cajazeiras<br>Inscri\u00e7\u00e3o: <a href=\"https:\/\/www.even3.com.br\/etapa-microrregional-de-cajazeiras-do-congresso-estadual-de-profissionais-594334\/\">https:\/\/www.even3.com.br\/etapa-microrregional-de-cajazeiras-do-congresso-estadual-de-profissionais-594334\/<\/a><\/p>\n\n\n\n<p><strong><em>4\u00aa Etapa<\/em><\/strong><br>Data: 25 de julho de 2025<br>Local: Pombal<br>Inscri\u00e7\u00e3o:<a href=\"https:\/\/www.even3.com.br\/etapa-microrregional-de-pombal-do-congresso-estadual-de-profissionais-594345\/\">https:\/\/www.even3.com.br\/etapa-microrregional-de-pombal-do-congresso-estadual-de-profissionais-594345\/<\/a><\/p>\n\n\n\n<p>Nesta fase, os eixos tem\u00e1ticos estabelecidos pelo Confea s\u00e3o analisados, com \u00eanfase em sua aplica\u00e7\u00e3o \u00e0s profiss\u00f5es de Engenharia, Agronomia e Geoci\u00eancias. Trata-se de uma etapa preparat\u00f3ria para as discuss\u00f5es mais detalhadas que ser\u00e3o realizadas nas fases subsequentes. As propostas come\u00e7am a ser formalizadas j\u00e1 nas Reuni\u00f5es Preparat\u00f3rias Regionais (RPR), servindo como base para aprofundamento e encaminhamento nas pr\u00f3ximas etapas do Congresso.<\/p>\n","protected":false},"excerpt":{"rendered":"<p>A programa\u00e7\u00e3o do 12\u00ba CEP-PB contar\u00e1 com quatro etapas microrregionais: 1\u00aa EtapaData: 10 de julho de 2025Local: GuarabiraInscri\u00e7\u00e3o: https:\/\/www.even3.com.br\/etapa-microrregional-de-guarabira-do-congresso-estadual-de-profissionais-593259\/ 2\u00aa EtapaData: 11 de julho de 2025Local: Campina GrandeInscri\u00e7\u00e3o: https:\/\/www.even3.com.br\/etapa-microrregional-de-campina-grande-do-congresso-estadual-de-profissionais-593615\/ 3\u00aa EtapaData: 24 de julho de 2025Local: CajazeirasInscri\u00e7\u00e3o: https:\/\/www.even3.com.br\/etapa-microrregional-de-cajazeiras-do-congresso-estadual-de-profissionais-594334\/ 4\u00aa EtapaData: 25 de julho de 2025Local: PombalInscri\u00e7\u00e3o:https:\/\/www.even3.com.br\/etapa-microrregional-de-pombal-do-congresso-estadual-de-profissionais-594345\/ Nesta fase, os eixos tem\u00e1ticos estabelecidos pelo Confea s\u00e3o analisados, com \u00eanfase em sua aplica\u00e7\u00e3o \u00e0s profiss\u00f5es de Engenharia, Agronomia e Geoci\u00eancias. Trata-se de uma etapa preparat\u00f3ria para as discuss\u00f5es mais detalhadas que ser\u00e3o realizadas nas fases subsequentes. As propostas come\u00e7am a ser formalizadas j\u00e1 nas Reuni\u00f5es Preparat\u00f3rias Regionais (RPR), servindo como base para [&hellip;]<\/p>\n","protected":false},"author":101014,"featured_media":0,"parent":0,"menu_order":0,"comment_status":"closed","ping_status":"closed","template":"","meta":{"_acf_changed":false,"footnotes":""},"class_list":["post-23718","page","type-page","status-publish","hentry"],"acf":[],"_links":{"self":[{"href":"https:\/\/creapb.org.br\/site\/wp-json\/wp\/v2\/pages\/23718","targetHints":{"allow":["GET"]}}],"collection":[{"href":"https:\/\/creapb.org.br\/site\/wp-json\/wp\/v2\/pages"}],"about":[{"href":"https:\/\/creapb.org.br\/site\/wp-json\/wp\/v2\/types\/page"}],"author":[{"embeddable":true,"href":"https:\/\/creapb.org.br\/site\/wp-json\/wp\/v2\/users\/101014"}],"replies":[{"embeddable":true,"href":"https:\/\/creapb.org.br\/site\/wp-json\/wp\/v2\/comments?post=23718"}],"version-history":[{"count":5,"href":"https:\/\/creapb.org.br\/site\/wp-json\/wp\/v2\/pages\/23718\/revisions"}],"predecessor-version":[{"id":23723,"href":"https:\/\/creapb.org.br\/site\/wp-json\/wp\/v2\/pages\/23718\/revisions\/23723"}],"wp:attachment":[{"href":"https:\/\/creapb.org.br\/site\/wp-json\/wp\/v2\/media?parent=23718"}],"curies":[{"name":"wp","href":"https:\/\/api.w.org\/{rel}","templated":true}]}}