{"id":14322,"date":"2017-07-05T11:05:59","date_gmt":"2017-07-05T14:05:59","guid":{"rendered":"http:\/\/creapb.org.br\/transparencia\/\/?page_id=14322"},"modified":"2017-07-14T11:22:48","modified_gmt":"2017-07-14T14:22:48","slug":"colegio-de-presidentes","status":"publish","type":"page","link":"https:\/\/creapb.org.br\/transparencia\/institucional-page\/foruns-consultivos\/colegio-de-presidentes\/","title":{"rendered":"Col\u00e9gio de Presidentes"},"content":{"rendered":"<p>O\u00a0Col\u00e9gio de Presidentes do Sistema Confea\/Crea \u2013 CP \u00e9 um f\u00f3rum consultivo do Confea composto pelos\u00a0presidentes do Confea e dos Creas e pelo diretor-presidente da M\u00fatua.<\/p>\n<p>O\u00a0Col\u00e9gio de Presidentes do Sistema Confea\/Crea tem por objetivo prec\u00edpuo buscar a unidade de a\u00e7\u00e3o preconizada no art. 24 da Lei n\u00ba 5.194, de 1966, no que se refere a:<\/p>\n<p>I \u2013 funcionamento do Sistema Confea\/Crea;<br \/>\nII \u2013 uniformiza\u00e7\u00e3o de procedimentos, visando \u00e0 maximiza\u00e7\u00e3o da efici\u00eancia e da efic\u00e1cia do Sistema Confea\/Crea;<br \/>\nIII \u2013 posicionamento diante de temas relacionados \u00e0s profiss\u00f5es fiscalizadas pelo Sistema Confea\/Crea; e<br \/>\nIV \u2013 integra\u00e7\u00e3o e desenvolvimento do Sistema Confea\/Crea.<\/p>\n<p>O regimento do Col\u00e9gio de Presidentes do Sistema Confea\/Crea est\u00e1 aprovado pela\u00a0<a href=\"http:\/\/normativos.confea.org.br\/ementas\/visualiza.asp?idEmenta=552&amp;idTiposEmentas=5&amp;Numero=1012&amp;AnoIni=&amp;AnoFim=&amp;PalavraChave=&amp;buscarem=conteudo&amp;vigente==\" target=\"_blank\" rel=\"noopener noreferrer\">Resolu\u00e7\u00e3o n\u00ba 1.012, de 10 de dezembro de 2005<\/a>.<\/p>\n<p>&nbsp;<\/p>\n<p><img loading=\"lazy\" decoding=\"async\" class=\"size-full wp-image-14498 alignleft\" src=\"https:\/\/creapb.org.br\/transparencia\/wp-content\/uploads\/2017\/07\/logo_CP.jpg\" alt=\"\" width=\"439\" height=\"114\" \/><\/p>\n<p>&nbsp;<\/p>\n<p><a href=\"http:\/\/transparencia.confea.org.br\/foruns-consultivos\/colegio-de-presidentes\/\"><strong>ACESSE AQUI A P\u00c1GINA DO CP NO PORTAL DA TRANSPAR\u00caNCIA DO CONFEA PARA VISUALIZAR SUA COMPOSI\u00c7\u00c3O, CALEND\u00c1RIO, REUNI\u00d5ES, PROPOSTAS, TR\u00c2MITES E RELAT\u00d3RIOS FINAIS<\/strong><\/a><\/p>\n","protected":false},"excerpt":{"rendered":"<p>O\u00a0Col\u00e9gio de Presidentes do Sistema Confea\/Crea \u2013 CP \u00e9 um f\u00f3rum consultivo do Confea composto pelos\u00a0presidentes do Confea e dos Creas e pelo diretor-presidente da M\u00fatua. O\u00a0Col\u00e9gio de Presidentes do Sistema Confea\/Crea tem por objetivo prec\u00edpuo buscar a unidade de a\u00e7\u00e3o preconizada no art. 24 da Lei n\u00ba 5.194, de 1966, no que se refere a: I \u2013 funcionamento do Sistema Confea\/Crea; II \u2013 uniformiza\u00e7\u00e3o de procedimentos, visando \u00e0 maximiza\u00e7\u00e3o da efici\u00eancia e da efic\u00e1cia do Sistema Confea\/Crea; III \u2013 posicionamento diante de temas relacionados \u00e0s profiss\u00f5es fiscalizadas pelo Sistema Confea\/Crea; e IV \u2013 integra\u00e7\u00e3o e desenvolvimento do Sistema Confea\/Crea. [&hellip;]<\/p>\n","protected":false},"author":1,"featured_media":0,"parent":14320,"menu_order":0,"comment_status":"closed","ping_status":"closed","template":"","meta":{"_acf_changed":false,"footnotes":""},"class_list":["post-14322","page","type-page","status-publish","hentry"],"acf":[],"_links":{"self":[{"href":"https:\/\/creapb.org.br\/transparencia\/wp-json\/wp\/v2\/pages\/14322","targetHints":{"allow":["GET"]}}],"collection":[{"href":"https:\/\/creapb.org.br\/transparencia\/wp-json\/wp\/v2\/pages"}],"about":[{"href":"https:\/\/creapb.org.br\/transparencia\/wp-json\/wp\/v2\/types\/page"}],"author":[{"embeddable":true,"href":"https:\/\/creapb.org.br\/transparencia\/wp-json\/wp\/v2\/users\/1"}],"replies":[{"embeddable":true,"href":"https:\/\/creapb.org.br\/transparencia\/wp-json\/wp\/v2\/comments?post=14322"}],"version-history":[{"count":3,"href":"https:\/\/creapb.org.br\/transparencia\/wp-json\/wp\/v2\/pages\/14322\/revisions"}],"predecessor-version":[{"id":14499,"href":"https:\/\/creapb.org.br\/transparencia\/wp-json\/wp\/v2\/pages\/14322\/revisions\/14499"}],"up":[{"embeddable":true,"href":"https:\/\/creapb.org.br\/transparencia\/wp-json\/wp\/v2\/pages\/14320"}],"wp:attachment":[{"href":"https:\/\/creapb.org.br\/transparencia\/wp-json\/wp\/v2\/media?parent=14322"}],"curies":[{"name":"wp","href":"https:\/\/api.w.org\/{rel}","templated":true}]}}