{"id":14330,"date":"2017-07-05T11:09:56","date_gmt":"2017-07-05T14:09:56","guid":{"rendered":"http:\/\/creapb.org.br\/transparencia\/\/?page_id=14330"},"modified":"2017-07-14T11:30:27","modified_gmt":"2017-07-14T14:30:27","slug":"plenario","status":"publish","type":"page","link":"https:\/\/creapb.org.br\/transparencia\/institucional-page\/colegiados\/plenario\/","title":{"rendered":"Plen\u00e1rio"},"content":{"rendered":"<p>O Plen\u00e1rio do Crea-PB, \u00f3rg\u00e3o colegiado decis\u00f3rio da estrutura b\u00e1sica, tem por finalidade decidir os assuntos relacionados \u00e0s compet\u00eancias do Regional, constituindo a segunda inst\u00e2ncia de julgamento no \u00e2mbito de sua jurisdi\u00e7\u00e3o, ressalvado o caso de foro privilegiado. \u00c9 constitu\u00eddo por um presidente e por conselheiros regionais, obedecida a seguinte composi\u00e7\u00e3o: um presidente, um representante por grupo profissional da Engenharia e da Agronomia, de cada institui\u00e7\u00e3o de ensino superior registrada no Crea-PB e com sede na jurisdi\u00e7\u00e3o, desde que esta mantenha curso na \u00e1rea de cada um dos grupos profissionais, representantes das entidades de classe de profissionais de n\u00edvel superior registradas no Crea-PB e com sede na jurisdi\u00e7\u00e3o, segundo crit\u00e9rios de proporcionalidade estabelecidos em resolu\u00e7\u00e3o espec\u00edfica, assegurando o m\u00ednimo de um representante por entidade; e um representante de entidade de classe de profissionais de n\u00edvel m\u00e9dio registrada no Crea-PB e com sede na jurisdi\u00e7\u00e3o, por c\u00e2mara especializada, observando que ao menos um destes exer\u00e7a doc\u00eancia, segundo crit\u00e9rios estabelecidos em resolu\u00e7\u00e3o espec\u00edfica e tem sua composi\u00e7\u00e3o renovada em um ter\u00e7o anualmente, exclu\u00eddo o presidente, na forma da lei.<\/p>\n","protected":false},"excerpt":{"rendered":"<p>O Plen\u00e1rio do Crea-PB, \u00f3rg\u00e3o colegiado decis\u00f3rio da estrutura b\u00e1sica, tem por finalidade decidir os assuntos relacionados \u00e0s compet\u00eancias do Regional, constituindo a segunda inst\u00e2ncia de julgamento no \u00e2mbito de sua jurisdi\u00e7\u00e3o, ressalvado o caso de foro privilegiado. \u00c9 constitu\u00eddo por um presidente e por conselheiros regionais, obedecida a seguinte composi\u00e7\u00e3o: um presidente, um representante por grupo profissional da Engenharia e da Agronomia, de cada institui\u00e7\u00e3o de ensino superior registrada no Crea-PB e com sede na jurisdi\u00e7\u00e3o, desde que esta mantenha curso na \u00e1rea de cada um dos grupos profissionais, representantes das entidades de classe de profissionais de n\u00edvel superior [&hellip;]<\/p>\n","protected":false},"author":1,"featured_media":0,"parent":14328,"menu_order":0,"comment_status":"closed","ping_status":"closed","template":"templates\/colegiados.php","meta":{"_acf_changed":false,"footnotes":""},"class_list":["post-14330","page","type-page","status-publish","hentry"],"acf":[],"_links":{"self":[{"href":"https:\/\/creapb.org.br\/transparencia\/wp-json\/wp\/v2\/pages\/14330","targetHints":{"allow":["GET"]}}],"collection":[{"href":"https:\/\/creapb.org.br\/transparencia\/wp-json\/wp\/v2\/pages"}],"about":[{"href":"https:\/\/creapb.org.br\/transparencia\/wp-json\/wp\/v2\/types\/page"}],"author":[{"embeddable":true,"href":"https:\/\/creapb.org.br\/transparencia\/wp-json\/wp\/v2\/users\/1"}],"replies":[{"embeddable":true,"href":"https:\/\/creapb.org.br\/transparencia\/wp-json\/wp\/v2\/comments?post=14330"}],"version-history":[{"count":7,"href":"https:\/\/creapb.org.br\/transparencia\/wp-json\/wp\/v2\/pages\/14330\/revisions"}],"predecessor-version":[{"id":14503,"href":"https:\/\/creapb.org.br\/transparencia\/wp-json\/wp\/v2\/pages\/14330\/revisions\/14503"}],"up":[{"embeddable":true,"href":"https:\/\/creapb.org.br\/transparencia\/wp-json\/wp\/v2\/pages\/14328"}],"wp:attachment":[{"href":"https:\/\/creapb.org.br\/transparencia\/wp-json\/wp\/v2\/media?parent=14330"}],"curies":[{"name":"wp","href":"https:\/\/api.w.org\/{rel}","templated":true}]}}

Plenário

<p>O Plenário do Crea-PB, órgão colegiado decisório da estrutura básica, tem por finalidade decidir os assuntos relacionados às competências do Regional, constituindo a segunda instância de julgamento no âmbito de sua jurisdição, ressalvado o caso de foro privilegiado. É constituído por um presidente e por conselheiros regionais, obedecida a seguinte composição: um presidente, um representante por grupo profissional da Engenharia e da Agronomia, de cada instituição de ensino superior registrada no Crea-PB e com sede na jurisdição, desde que esta mantenha curso na área de cada um dos grupos profissionais, representantes das entidades de classe de profissionais de nível superior registradas no Crea-PB e com sede na jurisdição, segundo critérios de proporcionalidade estabelecidos em resolução específica, assegurando o mínimo de um representante por entidade; e um representante de entidade de classe de profissionais de nível médio registrada no Crea-PB e com sede na jurisdição, por câmara especializada, observando que ao menos um destes exerça docência, segundo critérios estabelecidos em resolução específica e tem sua composição renovada em um terço anualmente, excluído o presidente, na forma da lei.</p>

<p>O Plenário do Crea-PB, órgão colegiado decisório da estrutura básica, tem por finalidade decidir os assuntos relacionados às competências do Regional, constituindo a segunda instância de julgamento no âmbito de sua jurisdição, ressalvado o caso de foro privilegiado. É constituído por um presidente e por conselheiros regionais, obedecida a seguinte composição: um presidente, um representante por grupo profissional da Engenharia e da Agronomia, de cada instituição de ensino superior registrada no Crea-PB e com sede na jurisdição, desde que esta mantenha curso na área de cada um dos grupos profissionais, representantes das entidades de classe de profissionais de nível superior [&hellip;]</p>
