{"id":14332,"date":"2017-07-05T11:37:33","date_gmt":"2017-07-05T14:37:33","guid":{"rendered":"http:\/\/creapb.org.br\/transparencia\/\/?page_id=14332"},"modified":"2025-03-19T14:57:03","modified_gmt":"2025-03-19T17:57:03","slug":"camaras-especializadas","status":"publish","type":"page","link":"https:\/\/creapb.org.br\/transparencia\/institucional-page\/colegiados\/camaras-especializadas\/","title":{"rendered":"C\u00e2maras Especializadas"},"content":{"rendered":"<p>A c\u00e2mara especializada, \u00f3rg\u00e3o decis\u00f3rio da estrutura b\u00e1sica do Crea-PB, tem por finalidade apreciar e julgar os assuntos relacionados \u00e0 fiscaliza\u00e7\u00e3o do exerc\u00edcio profissional, e sugerir medidas para o aperfei\u00e7oamento das atividades do Conselho Regional, constituindo a primeira inst\u00e2ncia de julgamento no \u00e2mbito de sua jurisdi\u00e7\u00e3o. S\u00e3o institu\u00eddas, no \u00e2mbito do Crea-PB, as seguintes c\u00e2maras:<\/p>\n<div class=\"bts-camaras\">\n<div class=\"col-sm-6\"><a class=\"btn btn-info form-control\" href=\"https:\/\/creapb.org.br\/transparencia\/institucional-page\/colegiados\/camaras-especializadas\/camara-de-eng-de-seguranca-do-trabalho\/\">ENGENHARIA DE SEGURAN\u00c7A DO TRABALHO<\/a><\/div>\n<div class=\"col-sm-6\"><a class=\"btn btn-info form-control\" href=\"https:\/\/creapb.org.br\/transparencia\/\/institucional-page\/colegiados\/camaras-especializadas\/camara-especializada-de-engenharia-civil\/\">ENGENHARIA CIVIL<\/a><\/div>\n<div class=\"col-sm-6\"><a class=\"btn btn-info form-control\" href=\"https:\/\/creapb.org.br\/transparencia\/\/institucional-page\/colegiados\/camaras-especializadas\/camara-especializada-de-agronomia\/\">AGRONOMIA<\/a><\/div>\n<div class=\"col-sm-6\"><a class=\"btn btn-info form-control\" href=\"https:\/\/creapb.org.br\/transparencia\/\/institucional-page\/colegiados\/camaras-especializadas\/camara-especializada-de-engenharia-eletrica\/\">ENGENHARIA EL\u00c9TRICA<\/a><\/div>\n<div class=\"col-sm-6\"><a class=\"btn btn-info form-control\" href=\"https:\/\/creapb.org.br\/transparencia\/institucional-page\/colegiados\/camaras-especializadas\/camara-de-geologia-e-minas\/\">GEOLOGIA E MINAS<\/a><\/div>\n<div class=\"col-sm-6\"><a class=\"btn btn-info form-control\" href=\"https:\/\/creapb.org.br\/transparencia\/institucional-page\/colegiados\/camaras-especializadas\/camara-de-eng-mecanmetal-e-quimica\/\">ENG. MECAN\/METAL. E QU\u00cdMICA<\/a><\/div>\n<div class=\"col-sm-6\"><a class=\"btn btn-info form-control\" href=\"https:\/\/creapb.org.br\/transparencia\/institucional-page\/colegiados\/camaras-especializadas\/camara-especializada-de-engenharia-ambiental-e-sanitaria\/\">ENG. AMBIENTAL E SANIT\u00c1RIA<\/a><\/div>\n<div class=\"col-sm-6\"><a class=\"btn btn-primary form-control\" href=\"https:\/\/creapb.org.br\/transparencia\/\/institucional-page\/colegiados\/camaras-especializadas\/camara-especializada-de-eng-mecanmetalquimicageominas\/\">ENG. MECAN\/METAL\/QU\u00cdMICA\/GEOMINAS<\/a><\/div>\n<div><\/div>\n<\/div>\n<div><\/div>\n<div><\/div>\n<div>* A partir de 2018, a C\u00e2mara de Eng. Mecan\/Metal\/Qu\u00edmica\/Geominas foi dividida em duas: a C\u00e2mara de Geologia e Minas e a C\u00e2mara de Eng. Mecan\/Metal. e Qu\u00edmica.<\/div>\n","protected":false},"excerpt":{"rendered":"<p>A c\u00e2mara especializada, \u00f3rg\u00e3o decis\u00f3rio da estrutura b\u00e1sica do Crea-PB, tem por finalidade apreciar e julgar os assuntos relacionados \u00e0 fiscaliza\u00e7\u00e3o do exerc\u00edcio profissional, e sugerir medidas para o aperfei\u00e7oamento das atividades do Conselho Regional, constituindo a primeira inst\u00e2ncia de julgamento no \u00e2mbito de sua jurisdi\u00e7\u00e3o. S\u00e3o institu\u00eddas, no \u00e2mbito do Crea-PB, as seguintes c\u00e2maras: ENGENHARIA DE SEGURAN\u00c7A DO TRABALHO ENGENHARIA CIVIL AGRONOMIA ENGENHARIA EL\u00c9TRICA GEOLOGIA E MINAS ENG. MECAN\/METAL. E QU\u00cdMICA ENG. AMBIENTAL E SANIT\u00c1RIA ENG. MECAN\/METAL\/QU\u00cdMICA\/GEOMINAS * A partir de 2018, a C\u00e2mara de Eng. Mecan\/Metal\/Qu\u00edmica\/Geominas foi dividida em duas: a C\u00e2mara de Geologia e Minas e a [&hellip;]<\/p>\n","protected":false},"author":1,"featured_media":0,"parent":14328,"menu_order":0,"comment_status":"closed","ping_status":"closed","template":"","meta":{"_acf_changed":false,"footnotes":""},"class_list":["post-14332","page","type-page","status-publish","hentry"],"acf":[],"_links":{"self":[{"href":"https:\/\/creapb.org.br\/transparencia\/wp-json\/wp\/v2\/pages\/14332","targetHints":{"allow":["GET"]}}],"collection":[{"href":"https:\/\/creapb.org.br\/transparencia\/wp-json\/wp\/v2\/pages"}],"about":[{"href":"https:\/\/creapb.org.br\/transparencia\/wp-json\/wp\/v2\/types\/page"}],"author":[{"embeddable":true,"href":"https:\/\/creapb.org.br\/transparencia\/wp-json\/wp\/v2\/users\/1"}],"replies":[{"embeddable":true,"href":"https:\/\/creapb.org.br\/transparencia\/wp-json\/wp\/v2\/comments?post=14332"}],"version-history":[{"count":21,"href":"https:\/\/creapb.org.br\/transparencia\/wp-json\/wp\/v2\/pages\/14332\/revisions"}],"predecessor-version":[{"id":71103,"href":"https:\/\/creapb.org.br\/transparencia\/wp-json\/wp\/v2\/pages\/14332\/revisions\/71103"}],"up":[{"embeddable":true,"href":"https:\/\/creapb.org.br\/transparencia\/wp-json\/wp\/v2\/pages\/14328"}],"wp:attachment":[{"href":"https:\/\/creapb.org.br\/transparencia\/wp-json\/wp\/v2\/media?parent=14332"}],"curies":[{"name":"wp","href":"https:\/\/api.w.org\/{rel}","templated":true}]}}