{"id":14358,"date":"2017-07-06T14:44:09","date_gmt":"2017-07-06T17:44:09","guid":{"rendered":"http:\/\/creapb.org.br\/transparencia\/\/?page_id=14358"},"modified":"2024-05-10T21:51:52","modified_gmt":"2024-05-11T00:51:52","slug":"comissao-permanente","status":"publish","type":"page","link":"https:\/\/creapb.org.br\/transparencia\/institucional-page\/comissoes\/comissao-permanente\/","title":{"rendered":"Comiss\u00e3o Permanente"},"content":{"rendered":"<p>A comiss\u00e3o permanente \u00e9 o \u00f3rg\u00e3o deliberativo da estrutura de suporte que tem por finalidade auxiliar o Plen\u00e1rio do Crea no desenvolvimento de atividades cont\u00ednuas relacionadas a um tema espec\u00edfico de car\u00e1ter legal, t\u00e9cnico ou administrativo, sendo composta por, no m\u00ednimo, tr\u00eas conselheiros regionais, eleitos pelo Plen\u00e1rio do Crea e igual n\u00famero de suplentes eleitos entre os conselheiros regionais titulares, sendo permitida uma \u00fanica reelei\u00e7\u00e3o.<\/p>\n<div class=\"bts-camaras\">\n<div class=\"col-sm-6\"><a class=\"btn btn-info form-control\" href=\"https:\/\/creapb.org.br\/transparencia\/\/institucional-page\/comissoes\/comissao-permanente\/comissao-permanente-etica-profissional\/\">\u00c9TICA PROFISSIONAL<\/a><\/div>\n<div class=\"col-sm-6\"><a class=\"btn btn-info form-control\" href=\"https:\/\/creapb.org.br\/transparencia\/\/institucional-page\/comissoes\/comissao-permanente\/comissao-permanente-orcamento-e-tomada-de-contas\/\">OR\u00c7AMENTO E TOMADA DE CONTAS<\/a><\/div>\n<div class=\"col-sm-6\"><a class=\"btn btn-info form-control\" href=\"https:\/\/creapb.org.br\/transparencia\/\/institucional-page\/comissoes\/comissao-permanente\/comissao-permanente-renovacao-do-terco-do-plenario\/\">RENOVA\u00c7\u00c3O DO TER\u00c7O DO PLEN\u00c1RIO<\/a><\/div>\n<div class=\"col-sm-6\"><a class=\"btn btn-info form-control\" href=\"https:\/\/creapb.org.br\/transparencia\/\/institucional-page\/comissoes\/comissao-permanente\/comissao-permanente-educacao-e-atribuicao-profissional\/\">EDUCA\u00c7\u00c3O E ATRIBUI\u00c7\u00c3O PROFISSIONAL<\/a><\/div>\n<div class=\"col-sm-6\"><a class=\"btn btn-info form-control\" href=\"https:\/\/creapb.org.br\/transparencia\/institucional-page\/comissoes\/comissao-permanente\/comissao-permanente-meio-ambiente\/\">MEIO AMBIENTE<\/a><\/div>\n<\/div>\n","protected":false},"excerpt":{"rendered":"<p>A comiss\u00e3o permanente \u00e9 o \u00f3rg\u00e3o deliberativo da estrutura de suporte que tem por finalidade auxiliar o Plen\u00e1rio do Crea no desenvolvimento de atividades cont\u00ednuas relacionadas a um tema espec\u00edfico de car\u00e1ter legal, t\u00e9cnico ou administrativo, sendo composta por, no m\u00ednimo, tr\u00eas conselheiros regionais, eleitos pelo Plen\u00e1rio do Crea e igual n\u00famero de suplentes eleitos entre os conselheiros regionais titulares, sendo permitida uma \u00fanica reelei\u00e7\u00e3o. \u00c9TICA PROFISSIONAL OR\u00c7AMENTO E TOMADA DE CONTAS RENOVA\u00c7\u00c3O DO TER\u00c7O DO PLEN\u00c1RIO EDUCA\u00c7\u00c3O E ATRIBUI\u00c7\u00c3O PROFISSIONAL MEIO AMBIENTE<\/p>\n","protected":false},"author":1,"featured_media":0,"parent":14356,"menu_order":0,"comment_status":"closed","ping_status":"closed","template":"","meta":{"_acf_changed":false,"footnotes":""},"class_list":["post-14358","page","type-page","status-publish","hentry"],"acf":[],"_links":{"self":[{"href":"https:\/\/creapb.org.br\/transparencia\/wp-json\/wp\/v2\/pages\/14358","targetHints":{"allow":["GET"]}}],"collection":[{"href":"https:\/\/creapb.org.br\/transparencia\/wp-json\/wp\/v2\/pages"}],"about":[{"href":"https:\/\/creapb.org.br\/transparencia\/wp-json\/wp\/v2\/types\/page"}],"author":[{"embeddable":true,"href":"https:\/\/creapb.org.br\/transparencia\/wp-json\/wp\/v2\/users\/1"}],"replies":[{"embeddable":true,"href":"https:\/\/creapb.org.br\/transparencia\/wp-json\/wp\/v2\/comments?post=14358"}],"version-history":[{"count":10,"href":"https:\/\/creapb.org.br\/transparencia\/wp-json\/wp\/v2\/pages\/14358\/revisions"}],"predecessor-version":[{"id":66520,"href":"https:\/\/creapb.org.br\/transparencia\/wp-json\/wp\/v2\/pages\/14358\/revisions\/66520"}],"up":[{"embeddable":true,"href":"https:\/\/creapb.org.br\/transparencia\/wp-json\/wp\/v2\/pages\/14356"}],"wp:attachment":[{"href":"https:\/\/creapb.org.br\/transparencia\/wp-json\/wp\/v2\/media?parent=14358"}],"curies":[{"name":"wp","href":"https:\/\/api.w.org\/{rel}","templated":true}]}}