{"id":14442,"date":"2017-07-12T10:38:10","date_gmt":"2017-07-12T13:38:10","guid":{"rendered":"http:\/\/creapb.org.br\/transparencia\/\/?page_id=14442"},"modified":"2017-07-12T10:48:48","modified_gmt":"2017-07-12T13:48:48","slug":"comissao-permanente-renovacao-do-terco-do-plenario","status":"publish","type":"page","link":"https:\/\/creapb.org.br\/transparencia\/institucional-page\/comissoes\/comissao-permanente\/comissao-permanente-renovacao-do-terco-do-plenario\/","title":{"rendered":"Comiss\u00e3o Permanente &#8211; Renova\u00e7\u00e3o do Ter\u00e7o do Plen\u00e1rio"},"content":{"rendered":"","protected":false},"excerpt":{"rendered":"","protected":false},"author":1,"featured_media":0,"parent":14358,"menu_order":0,"comment_status":"closed","ping_status":"closed","template":"templates\/comissao-permanente.php","meta":{"_acf_changed":false,"footnotes":""},"class_list":["post-14442","page","type-page","status-publish","hentry"],"acf":[],"_links":{"self":[{"href":"https:\/\/creapb.org.br\/transparencia\/wp-json\/wp\/v2\/pages\/14442","targetHints":{"allow":["GET"]}}],"collection":[{"href":"https:\/\/creapb.org.br\/transparencia\/wp-json\/wp\/v2\/pages"}],"about":[{"href":"https:\/\/creapb.org.br\/transparencia\/wp-json\/wp\/v2\/types\/page"}],"author":[{"embeddable":true,"href":"https:\/\/creapb.org.br\/transparencia\/wp-json\/wp\/v2\/users\/1"}],"replies":[{"embeddable":true,"href":"https:\/\/creapb.org.br\/transparencia\/wp-json\/wp\/v2\/comments?post=14442"}],"version-history":[{"count":1,"href":"https:\/\/creapb.org.br\/transparencia\/wp-json\/wp\/v2\/pages\/14442\/revisions"}],"predecessor-version":[{"id":14443,"href":"https:\/\/creapb.org.br\/transparencia\/wp-json\/wp\/v2\/pages\/14442\/revisions\/14443"}],"up":[{"embeddable":true,"href":"https:\/\/creapb.org.br\/transparencia\/wp-json\/wp\/v2\/pages\/14358"}],"wp:attachment":[{"href":"https:\/\/creapb.org.br\/transparencia\/wp-json\/wp\/v2\/media?parent=14442"}],"curies":[{"name":"wp","href":"https:\/\/api.w.org\/{rel}","templated":true}]}}