{"id":14450,"date":"2017-07-12T10:39:37","date_gmt":"2017-07-12T13:39:37","guid":{"rendered":"http:\/\/creapb.org.br\/transparencia\/\/?page_id=14450"},"modified":"2022-10-06T11:13:24","modified_gmt":"2022-10-06T14:13:24","slug":"comissao-permanente-educacao-e-atribuicao-profissional","status":"publish","type":"page","link":"https:\/\/creapb.org.br\/transparencia\/institucional-page\/comissoes\/comissao-permanente\/comissao-permanente-educacao-e-atribuicao-profissional\/","title":{"rendered":"Comiss\u00e3o Permanente &#8211; Educa\u00e7\u00e3o e Atribui\u00e7\u00e3o Profissional"},"content":{"rendered":"","protected":false},"excerpt":{"rendered":"","protected":false},"author":1,"featured_media":0,"parent":14358,"menu_order":0,"comment_status":"closed","ping_status":"closed","template":"templates\/comissao-permanente.php","meta":{"_acf_changed":false,"footnotes":""},"class_list":["post-14450","page","type-page","status-publish","hentry"],"acf":[],"_links":{"self":[{"href":"https:\/\/creapb.org.br\/transparencia\/wp-json\/wp\/v2\/pages\/14450","targetHints":{"allow":["GET"]}}],"collection":[{"href":"https:\/\/creapb.org.br\/transparencia\/wp-json\/wp\/v2\/pages"}],"about":[{"href":"https:\/\/creapb.org.br\/transparencia\/wp-json\/wp\/v2\/types\/page"}],"author":[{"embeddable":true,"href":"https:\/\/creapb.org.br\/transparencia\/wp-json\/wp\/v2\/users\/1"}],"replies":[{"embeddable":true,"href":"https:\/\/creapb.org.br\/transparencia\/wp-json\/wp\/v2\/comments?post=14450"}],"version-history":[{"count":2,"href":"https:\/\/creapb.org.br\/transparencia\/wp-json\/wp\/v2\/pages\/14450\/revisions"}],"predecessor-version":[{"id":53334,"href":"https:\/\/creapb.org.br\/transparencia\/wp-json\/wp\/v2\/pages\/14450\/revisions\/53334"}],"up":[{"embeddable":true,"href":"https:\/\/creapb.org.br\/transparencia\/wp-json\/wp\/v2\/pages\/14358"}],"wp:attachment":[{"href":"https:\/\/creapb.org.br\/transparencia\/wp-json\/wp\/v2\/media?parent=14450"}],"curies":[{"name":"wp","href":"https:\/\/api.w.org\/{rel}","templated":true}]}}