{"id":14744,"date":"2017-07-19T09:56:33","date_gmt":"2017-07-19T12:56:33","guid":{"rendered":"http:\/\/creapb.org.br\/transparencia\/?page_id=14744"},"modified":"2025-01-30T10:57:28","modified_gmt":"2025-01-30T13:57:28","slug":"agenda-estrategica-do-sistema-confeacrea","status":"publish","type":"page","link":"https:\/\/creapb.org.br\/transparencia\/planejamento-page\/planejamento\/agenda-estrategica-do-sistema-confeacrea\/","title":{"rendered":"Agenda Estrat\u00e9gica do Sistema Confea\/Crea"},"content":{"rendered":"<p><img loading=\"lazy\" decoding=\"async\" class=\"size-medium wp-image-16307 alignleft\" src=\"https:\/\/creapb.org.br\/transparencia\/wp-content\/uploads\/2017\/07\/banner-lai-2017-768x768-300x300.jpg\" alt=\"\" width=\"300\" height=\"300\" \/><\/p>\n<p>Com objetivo de alinhar as a\u00e7\u00f5es\u00a0das organiza\u00e7\u00f5es que comp\u00f5em o Sistema Confea\/Crea em dire\u00e7\u00e3o ao seu desenvolvimento sustent\u00e1vel e \u00e0 excel\u00eancia da presta\u00e7\u00e3o dos servi\u00e7os \u00e0 sociedade, foi elaborada a\u00a0Agenda Estrat\u00e9gica do Sistema Confea\/Crea, que tem no Programa de Desenvolvimento Sustent\u00e1vel do Sistema Confea\/Crea seu principal instrumento para fomento.<\/p>\n<p>A\u00a0Agenda Estrat\u00e9gica do Sistema Confea\/Crea agrupa e sintetiza o conjunto de a\u00e7\u00f5es propostas para o desenvolvimento de suas organiza\u00e7\u00f5es e para sua integra\u00e7\u00e3o com a\u00a0sociedade brasileira, de forma a materializar sua vis\u00e3o de futuro de ser reconhecido em 2022 como um Sistema eficaz e comprometido com a excel\u00eancia do exerc\u00edcio e das atividades profissionais, em prol da sustentabilidade socioecon\u00f4mica e ambiental.<\/p>\n<p>&nbsp;<\/p>\n<p>&nbsp;<\/p>\n<p>&nbsp;<\/p>\n<p>&nbsp;<\/p>\n<ul>\n<li><a href=\"https:\/\/www.confea.org.br\/transparencia\/acoes-programas\/programas-projetos-acoes\" target=\"_blank\" rel=\"noopener noreferrer\">Agenda Estrat\u00e9gica do Sistema Confea\/Crea <\/a><\/li>\n<li><a href=\"https:\/\/creapb.org.br\/transparencia\/wp-content\/uploads\/2022\/11\/20221111-planejamento-estratgico-crea-pb-2015-2018.pdf\">PLANEJAMENTO ESTRAT\u00c9GICO CREA-PB 2015-2018<\/a><\/li>\n<li><a href=\"https:\/\/creapb.org.br\/transparencia\/wp-content\/uploads\/2022\/11\/20221111-planejamento-estrategico-crea-pb-2019-2022.pdf\">PLANEJAMENTO ESTRATEGICO CREA-PB 2019-2022<\/a><\/li>\n<li><a href=\"https:\/\/creapb.org.br\/transparencia\/wp-content\/uploads\/2022\/11\/20221111-planejamento-estrategico-crea-pb-2023-2024.pdf\">PLANEJAMENTO ESTRATEGICO CREA-PB 2023-2024<\/a><\/li>\n<li><a href=\"https:\/\/creapb.org.br\/transparencia\/planejamento\/planejamento-estrategico-2025-2027-crea-pb\/\">PLANEJAMENTO ESTRATEGICO CREA-PB 2025-2027<\/a><\/li>\n<li><a href=\"https:\/\/creapb.org.br\/transparencia\/planejamento\/planejamento-page-agenda-estrategica-do-sistema-confeacrea-plano-plurianual-2023-2024-crea-pb\/\">Plano Plurianual 2023-2024 Crea-PB<\/a><\/li>\n<li><a href=\"https:\/\/creapb.org.br\/transparencia\/sem-categoria\/plano-plurianual-2023-2024-crea-pb-revisado-07-2023\/\">Plano Plurianual 2023-2024 Crea-PB Revisado 07-2023<\/a><\/li>\n<li><a href=\"https:\/\/creapb.org.br\/transparencia\/planejamento\/plano-plurianual-2025-2027-crea-pb\/\">Plano Plurianual 2025-2027 Crea-PB<\/a><\/li>\n<li><a href=\"https:\/\/creapb.org.br\/transparencia\/sem-categoria\/plano-diretor-de-tecnologia-da-informacao-pdti-2023-2025\/\">Plano Diretor de Tecnologia da Informa\u00e7\u00e3o &#8211; PDTI 2023-2025<\/a><\/li>\n<li><a href=\"https:\/\/creapb.org.br\/transparencia\/planejamento\/plano-de-metas-finalisticas-do-sistema-confea-crea-pmf-2025-2027\/\">Plano de Metas Final\u00edsticas do Sistema Confea\/Crea &#8211; PMF 2025-2027<\/a><\/li>\n<li><a href=\"https:\/\/creapb.org.br\/transparencia\/planejamento\/plano-de-dados-abertos-do-sistema-confea-crea\/\">Plano de Dados Abertos do Sistema Confea\/Crea<\/a><\/li>\n<\/ul>\n","protected":false},"excerpt":{"rendered":"<p>Com objetivo de alinhar as a\u00e7\u00f5es\u00a0das organiza\u00e7\u00f5es que comp\u00f5em o Sistema Confea\/Crea em dire\u00e7\u00e3o ao seu desenvolvimento sustent\u00e1vel e \u00e0 excel\u00eancia da presta\u00e7\u00e3o dos servi\u00e7os \u00e0 sociedade, foi elaborada a\u00a0Agenda Estrat\u00e9gica do Sistema Confea\/Crea, que tem no Programa de Desenvolvimento Sustent\u00e1vel do Sistema Confea\/Crea seu principal instrumento para fomento. A\u00a0Agenda Estrat\u00e9gica do Sistema Confea\/Crea agrupa e sintetiza o conjunto de a\u00e7\u00f5es propostas para o desenvolvimento de suas organiza\u00e7\u00f5es e para sua integra\u00e7\u00e3o com a\u00a0sociedade brasileira, de forma a materializar sua vis\u00e3o de futuro de ser reconhecido em 2022 como um Sistema eficaz e comprometido com a excel\u00eancia do exerc\u00edcio e [&hellip;]<\/p>\n","protected":false},"author":1,"featured_media":0,"parent":14742,"menu_order":0,"comment_status":"closed","ping_status":"closed","template":"","meta":{"_acf_changed":false,"footnotes":""},"class_list":["post-14744","page","type-page","status-publish","hentry"],"acf":[],"_links":{"self":[{"href":"https:\/\/creapb.org.br\/transparencia\/wp-json\/wp\/v2\/pages\/14744","targetHints":{"allow":["GET"]}}],"collection":[{"href":"https:\/\/creapb.org.br\/transparencia\/wp-json\/wp\/v2\/pages"}],"about":[{"href":"https:\/\/creapb.org.br\/transparencia\/wp-json\/wp\/v2\/types\/page"}],"author":[{"embeddable":true,"href":"https:\/\/creapb.org.br\/transparencia\/wp-json\/wp\/v2\/users\/1"}],"replies":[{"embeddable":true,"href":"https:\/\/creapb.org.br\/transparencia\/wp-json\/wp\/v2\/comments?post=14744"}],"version-history":[{"count":19,"href":"https:\/\/creapb.org.br\/transparencia\/wp-json\/wp\/v2\/pages\/14744\/revisions"}],"predecessor-version":[{"id":70316,"href":"https:\/\/creapb.org.br\/transparencia\/wp-json\/wp\/v2\/pages\/14744\/revisions\/70316"}],"up":[{"embeddable":true,"href":"https:\/\/creapb.org.br\/transparencia\/wp-json\/wp\/v2\/pages\/14742"}],"wp:attachment":[{"href":"https:\/\/creapb.org.br\/transparencia\/wp-json\/wp\/v2\/media?parent=14744"}],"curies":[{"name":"wp","href":"https:\/\/api.w.org\/{rel}","templated":true}]}}