{"id":14752,"date":"2017-07-19T09:58:33","date_gmt":"2017-07-19T12:58:33","guid":{"rendered":"http:\/\/creapb.org.br\/transparencia\/?page_id=14752"},"modified":"2018-08-28T14:30:40","modified_gmt":"2018-08-28T17:30:40","slug":"servicos-oferecidos","status":"publish","type":"page","link":"https:\/\/creapb.org.br\/transparencia\/planejamento-page\/servicos-oferecidos\/","title":{"rendered":"Servi\u00e7os oferecidos"},"content":{"rendered":"<p><img loading=\"lazy\" decoding=\"async\" class=\"aligncenter size-full wp-image-26003\" src=\"https:\/\/creapb.org.br\/transparencia\/wp-content\/uploads\/2017\/07\/CARTA_SERVIO_CBMDF-300x180.png\" alt=\"\" width=\"300\" height=\"180\" \/><\/p>\n<h4 style=\"text-align: center;\">A Carta de Servi\u00e7os \u00e9 um documento elaborado para informar os cidad\u00e3os sobre os servi\u00e7os prestados pelo Conselho, como ter acesso a esses servi\u00e7os, os compromissos e padr\u00f5es de atendimento.<\/h4>\n<p style=\"text-align: center;\"><a href=\"https:\/\/creapb.org.br\/transparencia\/wp-content\/uploads\/2017\/07\/carta-de-servicos.compressed-1.pdf\">ACESSE AQUI A CARTA DE SERVI\u00c7OS DO CREA-PB<\/a><\/p>\n<p style=\"text-align: center;\"><a href=\"http:\/\/transparencia.confea.org.br\/servicos-oferecidos\/\">ACESSE AQUI A CARTA DE SERVI\u00c7OS DO CONFEA<\/a><\/p>\n<p style=\"text-align: center;\"><a href=\"http:\/\/acervoobrasintelectuais.confea.org.br\/\">ACESSE AQUI O ACERVO DE OBRAS INTELECTUAIS DO CONFEA<\/a><\/p>\n<p>&nbsp;<\/p>\n<p><img loading=\"lazy\" decoding=\"async\" class=\"aligncenter size-full wp-image-26005\" src=\"https:\/\/creapb.org.br\/transparencia\/wp-content\/uploads\/2017\/07\/relat\u00f3rio.png\" alt=\"\" width=\"300\" height=\"180\" \/><\/p>\n<p style=\"text-align: center;\"><a href=\"https:\/\/creapb.org.br\/transparencia\/wp-content\/uploads\/2017\/07\/Report_039024.pdf\">RELAT\u00d3RIO DE SERVI\u00c7OS PRESTADOS AO PUBLICO (PRIMEIRO TRIMESTRE 2018)<\/a><\/p>\n<p style=\"text-align: center;\"><a href=\"https:\/\/creapb.org.br\/transparencia\/wp-content\/uploads\/2017\/07\/BRN001BA9E2369F_046409.pdf\">RELAT\u00d3RIO DE SERVI\u00c7OS PRESTADOS AO PUBLICO (SEGUNDO TRIMESTRE 2018)<\/a><\/p>\n","protected":false},"excerpt":{"rendered":"<p>A Carta de Servi\u00e7os \u00e9 um documento elaborado para informar os cidad\u00e3os sobre os servi\u00e7os prestados pelo Conselho, como ter acesso a esses servi\u00e7os, os compromissos e padr\u00f5es de atendimento. ACESSE AQUI A CARTA DE SERVI\u00c7OS DO CREA-PB ACESSE AQUI A CARTA DE SERVI\u00c7OS DO CONFEA ACESSE AQUI O ACERVO DE OBRAS INTELECTUAIS DO CONFEA &nbsp; RELAT\u00d3RIO DE SERVI\u00c7OS PRESTADOS AO PUBLICO (PRIMEIRO TRIMESTRE 2018) RELAT\u00d3RIO DE SERVI\u00c7OS PRESTADOS AO PUBLICO (SEGUNDO TRIMESTRE 2018)<\/p>\n","protected":false},"author":1,"featured_media":0,"parent":14740,"menu_order":0,"comment_status":"closed","ping_status":"closed","template":"","meta":{"_acf_changed":false,"footnotes":""},"class_list":["post-14752","page","type-page","status-publish","hentry"],"acf":[],"_links":{"self":[{"href":"https:\/\/creapb.org.br\/transparencia\/wp-json\/wp\/v2\/pages\/14752","targetHints":{"allow":["GET"]}}],"collection":[{"href":"https:\/\/creapb.org.br\/transparencia\/wp-json\/wp\/v2\/pages"}],"about":[{"href":"https:\/\/creapb.org.br\/transparencia\/wp-json\/wp\/v2\/types\/page"}],"author":[{"embeddable":true,"href":"https:\/\/creapb.org.br\/transparencia\/wp-json\/wp\/v2\/users\/1"}],"replies":[{"embeddable":true,"href":"https:\/\/creapb.org.br\/transparencia\/wp-json\/wp\/v2\/comments?post=14752"}],"version-history":[{"count":8,"href":"https:\/\/creapb.org.br\/transparencia\/wp-json\/wp\/v2\/pages\/14752\/revisions"}],"predecessor-version":[{"id":26955,"href":"https:\/\/creapb.org.br\/transparencia\/wp-json\/wp\/v2\/pages\/14752\/revisions\/26955"}],"up":[{"embeddable":true,"href":"https:\/\/creapb.org.br\/transparencia\/wp-json\/wp\/v2\/pages\/14740"}],"wp:attachment":[{"href":"https:\/\/creapb.org.br\/transparencia\/wp-json\/wp\/v2\/media?parent=14752"}],"curies":[{"name":"wp","href":"https:\/\/api.w.org\/{rel}","templated":true}]}}