{"id":15582,"date":"2017-07-21T12:15:51","date_gmt":"2017-07-21T15:15:51","guid":{"rendered":"http:\/\/creapb.org.br\/transparencia\/?page_id=15582"},"modified":"2023-04-13T15:22:22","modified_gmt":"2023-04-13T18:22:22","slug":"servico-de-informacao-ao-cidadao-sic","status":"publish","type":"page","link":"https:\/\/creapb.org.br\/transparencia\/servico-de-informacao-ao-cidadao-sic\/","title":{"rendered":"Servi\u00e7o de Informa\u00e7\u00e3o ao Cidad\u00e3o &#8211; SIC"},"content":{"rendered":"<p>Prezado Cidad\u00e3o,<\/p>\n<p>Nesta se\u00e7\u00e3o s\u00e3o divulgadas informa\u00e7\u00f5es sobre o Servi\u00e7o de Informa\u00e7\u00f5es ao Cidad\u00e3o \u2013 SIC, pertinentes ao seu funcionamento, localiza\u00e7\u00e3o e dados de contato no Crea. Ser\u00e3o divulgados, nesta \u00e1rea, os relat\u00f3rios estat\u00edsticos de atendimento \u00e0 Lei de Acesso \u00e0 Informa\u00e7\u00e3o \u2013 LAI.<\/p>\n<p>O art. 9\u00b0 da Lei 12.527, de 2011, Lei de Acesso \u00e0 Informa\u00e7\u00e3o, instituiu como um dever do Estado a cria\u00e7\u00e3o de um ponto de contato entre a sociedade e o setor p\u00fablico, que \u00e9 o Servi\u00e7o de Informa\u00e7\u00f5es ao Cidad\u00e3o. Neste sentido, o\u00a0SIC constitui uma ferramenta que permite aos cidad\u00e3os acesso a informa\u00e7\u00f5es sobre a gest\u00e3o administrativa do Confea.<\/p>\n<p>Voc\u00ea pode ter acesso a\u00a0qualquer informa\u00e7\u00e3o p\u00fablica produzida ou sob guarda do Confea e do Crea-PB, desde que ela n\u00e3o se enquadre nas\u00a0exce\u00e7\u00f5es\u00a0previstas na LAI.<\/p>\n<p>Os procedimentos relacionados ao SIC no \u00e2mbito do Confea est\u00e3o regulamentados pela\u00a0<a href=\"http:\/\/transparencia.confea.org.br\/wp-content\/uploads\/2017\/05\/Portaria-AD-116-2017-Transpar%C3%AAncia-Passiva_LAI.pdf\" target=\"_blank\" rel=\"noopener noreferrer\">Portaria AD n\u00ba 116\/2017<\/a>.<\/p>\n<hr \/>\n<p><strong>Registro do Pedido de Acesso \u00e0 Informa\u00e7\u00e3o<\/strong><\/p>\n<p><img loading=\"lazy\" decoding=\"async\" class=\"wp-image-3497 alignleft\" src=\"http:\/\/transparencia.confea.org.br\/wp-content\/uploads\/2017\/05\/logo-sic.jpg\" sizes=\"auto, (max-width: 185px) 100vw, 185px\" srcset=\"http:\/\/transparencia.confea.org.br\/wp-content\/uploads\/2017\/05\/logo-sic.jpg 341w, http:\/\/transparencia.confea.org.br\/wp-content\/uploads\/2017\/05\/logo-sic-300x130.jpg 300w\" alt=\"\" width=\"185\" height=\"80\" \/><\/p>\n<p>O Servi\u00e7o de Informa\u00e7\u00f5es ao Cidad\u00e3o n\u00e3o recebe pedido de acesso \u00e0 informa\u00e7\u00e3o por e-mail.<\/p>\n<p>Se preferir, registre\u00a0pessoalmente seu pedido de acesso \u00e0 informa\u00e7\u00e3o no SIC f\u00edsico do Conselho Federal, por meio de um dos formul\u00e1rios abaixo apresentados:<\/p>\n<div class=\"row\" style=\"margin: 50px 0;\">\n<div class=\"col-sm-6 text-center\"><a class=\"btn btn-info\" href=\"https:\/\/creapb.org.br\/transparencia\/formulario-para-pedido-de-acesso-a-informac%CC%A7a%CC%83oreclamac%CC%A7a%CC%83ointerposic%CC%A7a%CC%83o-de-recurso-pessoa-fisica\/\" target=\"_blank\" rel=\"noopener noreferrer\">Formul\u00e1rio de pedido de acesso \u00e0 informa\u00e7\u00e3o \u2013 Pessoa F\u00edsica<\/a><\/div>\n<div class=\"col-sm-6 text-center\"><a class=\"btn btn-info\" href=\"creapb.org.br\/transparencia\/formulario-para-pedido-de-acesso-a-informac\u0327a\u0303oreclamac\u0327a\u0303ointerposic\u0327a\u0303o-de-recurso-pessoa-juridica\/\" target=\"_blank\" rel=\"noopener noreferrer\">Formul\u00e1rio de pedido de acesso \u00e0 informa\u00e7\u00e3o \u2013 Pessoa Jur\u00eddica<\/a><\/div>\n<\/div>\n<p>Caso se trate de uma reclama\u00e7\u00e3o, den\u00fancia, solicita\u00e7\u00e3o, sugest\u00e3o ou\u00a0elogio, acesse a p\u00e1gina da\u00a0<a href=\"http:\/\/transparencia.confea.org.br\/ouvidoria\/\" target=\"_blank\" rel=\"noopener noreferrer\">Ouvidoria<\/a>.<\/p>\n<p>O Servi\u00e7o de Informa\u00e7\u00f5es ao Cidad\u00e3o n\u00e3o recebe consultas sobre aplica\u00e7\u00e3o de legisla\u00e7\u00e3o, de natureza t\u00e9cnica e jur\u00eddica. Estas dever\u00e3o, inicialmente, ser encaminhadas ao Crea, em atendimento \u00e0\u00a0<a href=\"http:\/\/normativos.confea.org.br\/ementas\/visualiza.asp?idEmenta=441&amp;idTiposEmentas=5&amp;Numero=393&amp;AnoIni=&amp;AnoFim=&amp;PalavraChave=&amp;buscarem=conteudo&amp;vigente=\" target=\"_blank\" rel=\"noopener noreferrer\">Resolu\u00e7\u00e3o n\u00ba 393, de 17 de mar\u00e7o de 1995<\/a>.<\/p>\n<p><strong>Localiza\u00e7\u00e3o<\/strong><\/p>\n<div class=\"col-sm-6 text-center\">\n<p style=\"text-align: left;\">Ouvidoria \u2013 Crea-PB<br \/>\nAvenida Dom Pedro I, 809 \u2013 Centro, Jo\u00e3o Pessoa\/PB<\/p>\n<\/div>\n<hr \/>\n<p style=\"text-align: left;\"><strong>Hor\u00e1rio de atendimento<\/strong><br \/>\nSegunda a sexta-feira, das 8h \u00e0s 16h<br \/>\nTelefone: (83) 3533 \u2013 2510 \/ 0800-724-2500<br \/>\nE-mail: e-sic@creapb.org.br<\/p>\n<p style=\"text-align: left;\">Observa\u00e7\u00e3o: este e-mail somente deve ser usado para orienta\u00e7\u00e3o e esclarecimentos de d\u00favidas.<\/p>\n<hr \/>\n<p><strong>Unidade respons\u00e1vel pelo SIC<\/strong><br \/>\nOuvidoria<br \/>\nAlm\u00e9ria Carniato<br \/>\nouvidoria@creapb.org.br<br \/>\n(83) 3533-2510<\/p>\n<hr \/>\n<p><strong>Autoridade de monitoramento da implementa\u00e7\u00e3o da LAI<\/strong><br \/>\nMaria Elisabete Vila Nova<br \/>\nControladora<br \/>\ncontroladoria@creapb.org.br<br \/>\n(83) 3533-2532<\/p>\n<p>&nbsp;<\/p>\n<p align=\"center\"><a class=\"btn btn-info\" href=\"https:\/\/creapb.org.br\/transparencia\/wp-content\/uploads\/2016\/10\/PORTARIA-N%C2%BA-25-2016.pdf\">Ato Administrativo<\/a><\/p>\n<p align=\"center\"><a class=\"btn btn-info\" href=\"#\">Relat\u00f3rios estat\u00edsticos sobre os pedidos de informa\u00e7\u00e3o<\/a><\/p>\n<p align=\"center\"><a class=\"btn btn-info\" href=\"https:\/\/creapb.org.br\/transparencia\/quadros-demonstrativos\">Quadros Demonstrativos<\/a><\/p>\n","protected":false},"excerpt":{"rendered":"<p>Prezado Cidad\u00e3o, Nesta se\u00e7\u00e3o s\u00e3o divulgadas informa\u00e7\u00f5es sobre o Servi\u00e7o de Informa\u00e7\u00f5es ao Cidad\u00e3o \u2013 SIC, pertinentes ao seu funcionamento, localiza\u00e7\u00e3o e dados de contato no Crea. Ser\u00e3o divulgados, nesta \u00e1rea, os relat\u00f3rios estat\u00edsticos de atendimento \u00e0 Lei de Acesso \u00e0 Informa\u00e7\u00e3o \u2013 LAI. O art. 9\u00b0 da Lei 12.527, de 2011, Lei de Acesso \u00e0 Informa\u00e7\u00e3o, instituiu como um dever do Estado a cria\u00e7\u00e3o de um ponto de contato entre a sociedade e o setor p\u00fablico, que \u00e9 o Servi\u00e7o de Informa\u00e7\u00f5es ao Cidad\u00e3o. Neste sentido, o\u00a0SIC constitui uma ferramenta que permite aos cidad\u00e3os acesso a informa\u00e7\u00f5es sobre a [&hellip;]<\/p>\n","protected":false},"author":1,"featured_media":0,"parent":0,"menu_order":0,"comment_status":"closed","ping_status":"closed","template":"","meta":{"_acf_changed":false,"footnotes":""},"class_list":["post-15582","page","type-page","status-publish","hentry"],"acf":[],"_links":{"self":[{"href":"https:\/\/creapb.org.br\/transparencia\/wp-json\/wp\/v2\/pages\/15582","targetHints":{"allow":["GET"]}}],"collection":[{"href":"https:\/\/creapb.org.br\/transparencia\/wp-json\/wp\/v2\/pages"}],"about":[{"href":"https:\/\/creapb.org.br\/transparencia\/wp-json\/wp\/v2\/types\/page"}],"author":[{"embeddable":true,"href":"https:\/\/creapb.org.br\/transparencia\/wp-json\/wp\/v2\/users\/1"}],"replies":[{"embeddable":true,"href":"https:\/\/creapb.org.br\/transparencia\/wp-json\/wp\/v2\/comments?post=15582"}],"version-history":[{"count":35,"href":"https:\/\/creapb.org.br\/transparencia\/wp-json\/wp\/v2\/pages\/15582\/revisions"}],"predecessor-version":[{"id":56783,"href":"https:\/\/creapb.org.br\/transparencia\/wp-json\/wp\/v2\/pages\/15582\/revisions\/56783"}],"wp:attachment":[{"href":"https:\/\/creapb.org.br\/transparencia\/wp-json\/wp\/v2\/media?parent=15582"}],"curies":[{"name":"wp","href":"https:\/\/api.w.org\/{rel}","templated":true}]}}