{"id":44774,"date":"2020-12-17T23:45:18","date_gmt":"2020-12-18T02:45:18","guid":{"rendered":"http:\/\/creapb.org.br\/transparencia\/?page_id=44774"},"modified":"2020-12-17T23:50:30","modified_gmt":"2020-12-18T02:50:30","slug":"rol-de-responsaveis","status":"publish","type":"page","link":"https:\/\/creapb.org.br\/transparencia\/institucional-page\/rol-de-responsaveis\/","title":{"rendered":"Dirigentes e Respons\u00e1veis pela Presta\u00e7\u00e3o de Contas"},"content":{"rendered":"","protected":false},"excerpt":{"rendered":"","protected":false},"author":1,"featured_media":0,"parent":16,"menu_order":0,"comment_status":"closed","ping_status":"closed","template":"templates\/institucional-rol-de-responsaveis.php","meta":{"_acf_changed":false,"footnotes":""},"class_list":["post-44774","page","type-page","status-publish","hentry"],"acf":[],"_links":{"self":[{"href":"https:\/\/creapb.org.br\/transparencia\/wp-json\/wp\/v2\/pages\/44774","targetHints":{"allow":["GET"]}}],"collection":[{"href":"https:\/\/creapb.org.br\/transparencia\/wp-json\/wp\/v2\/pages"}],"about":[{"href":"https:\/\/creapb.org.br\/transparencia\/wp-json\/wp\/v2\/types\/page"}],"author":[{"embeddable":true,"href":"https:\/\/creapb.org.br\/transparencia\/wp-json\/wp\/v2\/users\/1"}],"replies":[{"embeddable":true,"href":"https:\/\/creapb.org.br\/transparencia\/wp-json\/wp\/v2\/comments?post=44774"}],"version-history":[{"count":2,"href":"https:\/\/creapb.org.br\/transparencia\/wp-json\/wp\/v2\/pages\/44774\/revisions"}],"predecessor-version":[{"id":44776,"href":"https:\/\/creapb.org.br\/transparencia\/wp-json\/wp\/v2\/pages\/44774\/revisions\/44776"}],"up":[{"embeddable":true,"href":"https:\/\/creapb.org.br\/transparencia\/wp-json\/wp\/v2\/pages\/16"}],"wp:attachment":[{"href":"https:\/\/creapb.org.br\/transparencia\/wp-json\/wp\/v2\/media?parent=44774"}],"curies":[{"name":"wp","href":"https:\/\/api.w.org\/{rel}","templated":true}]}}